{"id":1027,"date":"2015-04-24T12:26:50","date_gmt":"2015-04-24T12:26:50","guid":{"rendered":"http:\/\/piekarska.com.pl\/?page_id=1027"},"modified":"2015-04-24T12:26:50","modified_gmt":"2015-04-24T12:26:50","slug":"co-sie-stalo-z-nasza-klasa","status":"publish","type":"page","link":"http:\/\/piekarska.com.pl\/?page_id=1027","title":{"rendered":"Co si\u0119 sta\u0142o z nasz\u0105 klas\u0105?"},"content":{"rendered":"<p style=\"text-align: left;\">Do dzi\u015b szko\u0142a \u015bni mi si\u0119 jako koszmar. Nie chcia\u0142abym wr\u00f3ci\u0107 w jej mury, cho\u0107 przyznaj\u0119, \u017ce czasem chcia\u0142abym spotka\u0107 znajomych z tamtych lat. I \u017ceby byli tacy, jak wtedy&#8230;<\/p>\n<p style=\"text-align: left;\">M\u00f3j syn wr\u00f3ci\u0142 z obozu i po raz kolejny us\u0142ysza\u0142am, jak w wannie \u015bpiewa star\u0105 piosenk\u0119 Jacka Kaczmarskiego \u201cNasza klasa\u201d. Nigdy nie lubi\u0142am szko\u0142y. Szko\u0142a i nauka to dla mnie dwie r\u00f3\u017cne sprawy. Nie nauka mnie odstrasza\u0142a, a w\u0142a\u015bnie zinstytucjonalizowanie jej. No i to, co szko\u0142a nios\u0142a ze sob\u0105. Klasowe podzia\u0142y, stereotypy i to, \u017ce cz\u0142owiek zrobi jeden b\u0142\u0105d i do ko\u0144ca swoich dni w szkole ma przechlapane. Zawsze by\u0142am niepokorna, wi\u0119c przechlapane miewa\u0142am bardzo cz\u0119sto. Pami\u0119tam, jak pani od francuskiego, kt\u00f3ra pod koniec lekcji chwali\u0142a uczni\u00f3w za aktywno\u015b\u0107, powiedzia\u0142a: \u201cDzi\u015b na lekcji \u015bwietnie odpowiadali&#8230; (tu wymieni\u0142a kilka nazwisk i zako\u0144czy\u0142a sw\u00f3j wyw\u00f3d s\u0142owami) &#8230;i, o dziwo, Piekarska!\u201d. To \u201co dziwo\u201d sprawi\u0142o, \u017ce odechcia\u0142o mi si\u0119 uczy\u0107 francuskiego.<br \/>\nW te wakacje kole\u017canka postanowi\u0142a zrobi\u0107 spotkanie klasowe u siebie w ogrodzie. Przysz\u0142o nas&#8230; cztery. Same baby. \u0141apczywie ch\u0142on\u0119\u0142y\u015bmy wiedz\u0119 o tym, co u kogo. Kto si\u0119 rozwi\u00f3d\u0142, kto o\u017ceni\u0142, kto gdzie pracuje, kto jest szcz\u0119\u015bliwy. \u015amia\u0142y\u015bmy si\u0119 z tego, co z nas wyros\u0142o. Bo oto najlepsze uczennice wyl\u0105dowa\u0142y jako panie przy m\u0119\u017cu. Najwi\u0119ksza ko\u015bcielna cnotka jest rozw\u00f3dk\u0105 i ma dziecko z cudzym m\u0119\u017cem, a wielki klasowy patriota niedawno wyszed\u0142 z kicia, w kt\u00f3rym siedzia\u0142 za malwersacje finansowe. W poprzedniej szkole \u015bredniej kumpel, kt\u00f3rego rodzice t\u0142ukli za tr\u00f3jk\u0119, zosta\u0142 przemytnikiem i pono\u0107 zgin\u0105\u0142 z r\u0105k przyjaci\u00f3\u0142 ze Wschodu. Inny pije, nie ma pracy, wi\u0119c dorabia sobie wyprowadzaniem ps\u00f3w za pieni\u0105dze. Z najcichszej dziewczyny wyros\u0142a przebojowa pani chirurg, a ten, kt\u00f3remu ca\u0142a klasa dokucza\u0142a, jest znanym wydawc\u0105 ksi\u0105\u017cek. A ta najbardziej wyszczekana, kt\u00f3ra mia\u0142a zawojowa\u0107 \u015bwiat, osiad\u0142a przy bogatym m\u0119\u017cu za granic\u0105. Najlepsza uczennica, pupilek i lizus, jest star\u0105 pann\u0105 i mieszka z matk\u0105. A jedna kompletna kretynka z\u0142apa\u0142a bogatego m\u0119\u017ca i gardzi nami wszystkimi.<br \/>\nKiedy wczoraj zadzwoni\u0142am do przyjaci\u00f3\u0142ki z pracy i spyta\u0142am, czy wie, co si\u0119 sta\u0142o z jej klas\u0105, opowiedzia\u0142a kilka historii, z kt\u00f3rych te\u017c mog\u0142aby powsta\u0107 kolejna piosenka. A przecie\u017c swoj\u0105 Kaczmarski napisa\u0142 przesz\u0142o dwadzie\u015bcia lat temu. Dok\u0142adnie w 1983 roku pyta\u0142: \u201cCo si\u0119 sta\u0142o z nasz\u0105 klas\u0105? Pyta Adam w Tel-Awiwie\/ Ci\u0119\u017cko sprosta\u0107 takim czasom, ci\u0119\u017cko w og\u00f3le \u017cy\u0107 uczciwie\/ Co si\u0119 sta\u0142o z nasz\u0105 klas\u0105? Wojtek w Szwecji w porno-klubie\/ Pisze: dobrze mi tu p\u0142ac\u0105 za to, co i tak wszak lubi\u0119\/ Ka\u015bka z Piotrkiem s\u0105 w Kanadzie, bo tam maj\u0105 perspektywy\/ Staszek w Stanach sobie radzi, Pawe\u0142 do Pary\u017ca przywyk\u0142\/ Go\u015bka z Przemkiem ledwie prz\u0119d\u0105 \u2013 w maju b\u0119dzie trzeci bachor\/ Pr\u00f3\u017cno skar\u017c\u0105 si\u0119 urz\u0119dom, \u017ce te\u017c chcieliby na Zach\u00f3d\u201d.<br \/>\nWi\u0119kszo\u015b\u0107 moich kole\u017canek i koleg\u00f3w mia\u0142a swoje marzenia o doros\u0142ym \u017cyciu. Chcieli by\u0107 aktorami, lekarzami, historykami sztuki. Nie wysz\u0142o. Ze szko\u0142y \u015bredniej swoje marzenia z dzieci\u0144stwa spe\u0142nia tylko kilka z nas. A\u015bka, kt\u00f3ra od zawsze chcia\u0142a by\u0107 prokuratorem. Ja, kt\u00f3ra chcia\u0142am pisa\u0107, i Pawe\u0142, kt\u00f3ry chcia\u0142 mie\u0107 w\u0142asn\u0105 gazet\u0119. Co z reszt\u0105? \u017bycie zweryfikowa\u0142o ich marzenia. Jedni wyszli na tym lepiej, inni gorzej \u2013 jak to w \u017cyciu bywa.<br \/>\nJednego, czego \u017ca\u0142uj\u0119, to tego, \u017ce nigdy nie spojrza\u0142am na swoj\u0105 klas\u0119, zadaj\u0105c sobie pytanie: \u201cco z nas wyro\u015bnie?\u201d, \u017ce wszystko to analizuj\u0119 dopiero dzi\u015b, w czasie przesz\u0142ym. Nie potrafi\u0119 wi\u0119c obiektywnie stwierdzi\u0107, czy podejrzewa\u0142am, \u017ce z najwi\u0119kszego klasowego buntownika, dwukrotnie powtarzaj\u0105cego klas\u0119, wyro\u015bnie najwi\u0119kszy pantoflarz, kt\u00f3remu \u017cona zabroni spotyka\u0107 si\u0119 z kumplami? Czy przypuszcza\u0142am, \u017ce z rozmodlonej mniszki wyro\u015bnie puszczalska z trojgiem dzieci, ka\u017cde z innym facetem, z kt\u00f3rych \u017caden nie by\u0142 jej m\u0119\u017cem? Ale c\u00f3\u017c&#8230; gdybym wtedy mia\u0142a t\u0119 wiedz\u0119 o \u017cyciu, kt\u00f3r\u0105 mam teraz \u2013 by\u0142abym Einsteinem. A tak&#8230; Jestem, kim jestem. A kim Wy b\u0119dziecie? Oto jest pytanie.<\/p>\n<p style=\"text-align: left;\">COGITO 14\/2004 (222)<\/p>\n","protected":false},"excerpt":{"rendered":"<p>Do dzi\u015b szko\u0142a \u015bni mi si\u0119 jako koszmar. Nie chcia\u0142abym wr\u00f3ci\u0107 w jej mury, cho\u0107 przyznaj\u0119, \u017ce czasem chcia\u0142abym spotka\u0107 znajomych z tamtych lat. I \u017ceby byli tacy, jak wtedy&#8230; M\u00f3j syn wr\u00f3ci\u0142 z obozu i po raz kolejny us\u0142ysza\u0142am, &hellip; <a href=\"http:\/\/piekarska.com.pl\/?page_id=1027\">Continue reading <span class=\"meta-nav\">&rarr;<\/span><\/a><\/p>\n","protected":false},"author":1,"featured_media":0,"parent":690,"menu_order":0,"comment_status":"closed","ping_status":"open","template":"","meta":{"_acf_changed":false,"footnotes":""},"class_list":["post-1027","page","type-page","status-publish","hentry"],"acf":[],"_links":{"self":[{"href":"http:\/\/piekarska.com.pl\/index.php?rest_route=\/wp\/v2\/pages\/1027","targetHints":{"allow":["GET"]}}],"collection":[{"href":"http:\/\/piekarska.com.pl\/index.php?rest_route=\/wp\/v2\/pages"}],"about":[{"href":"http:\/\/piekarska.com.pl\/index.php?rest_route=\/wp\/v2\/types\/page"}],"author":[{"embeddable":true,"href":"http:\/\/piekarska.com.pl\/index.php?rest_route=\/wp\/v2\/users\/1"}],"replies":[{"embeddable":true,"href":"http:\/\/piekarska.com.pl\/index.php?rest_route=%2Fwp%2Fv2%2Fcomments&post=1027"}],"version-history":[{"count":1,"href":"http:\/\/piekarska.com.pl\/index.php?rest_route=\/wp\/v2\/pages\/1027\/revisions"}],"predecessor-version":[{"id":1028,"href":"http:\/\/piekarska.com.pl\/index.php?rest_route=\/wp\/v2\/pages\/1027\/revisions\/1028"}],"up":[{"embeddable":true,"href":"http:\/\/piekarska.com.pl\/index.php?rest_route=\/wp\/v2\/pages\/690"}],"wp:attachment":[{"href":"http:\/\/piekarska.com.pl\/index.php?rest_route=%2Fwp%2Fv2%2Fmedia&parent=1027"}],"curies":[{"name":"wp","href":"https:\/\/api.w.org\/{rel}","templated":true}]}}

Co się stało z naszą klasą?

<p style="text-align: left;">Do dziś szkoła śni mi się jako koszmar. Nie chciałabym wrócić w jej mury, choć przyznaję, że czasem chciałabym spotkać znajomych z tamtych lat. I żeby byli tacy, jak wtedy&#8230;</p>
<p style="text-align: left;">Mój syn wrócił z obozu i po raz kolejny usłyszałam, jak w wannie śpiewa starą piosenkę Jacka Kaczmarskiego “Nasza klasa”. Nigdy nie lubiłam szkoły. Szkoła i nauka to dla mnie dwie różne sprawy. Nie nauka mnie odstraszała, a właśnie zinstytucjonalizowanie jej. No i to, co szkoła niosła ze sobą. Klasowe podziały, stereotypy i to, że człowiek zrobi jeden błąd i do końca swoich dni w szkole ma przechlapane. Zawsze byłam niepokorna, więc przechlapane miewałam bardzo często. Pamiętam, jak pani od francuskiego, która pod koniec lekcji chwaliła uczniów za aktywność, powiedziała: “Dziś na lekcji świetnie odpowiadali&#8230; (tu wymieniła kilka nazwisk i zakończyła swój wywód słowami) &#8230;i, o dziwo, Piekarska!”. To “o dziwo” sprawiło, że odechciało mi się uczyć francuskiego.<br />
W te wakacje koleżanka postanowiła zrobić spotkanie klasowe u siebie w ogrodzie. Przyszło nas&#8230; cztery. Same baby. Łapczywie chłonęłyśmy wiedzę o tym, co u kogo. Kto się rozwiódł, kto ożenił, kto gdzie pracuje, kto jest szczęśliwy. Śmiałyśmy się z tego, co z nas wyrosło. Bo oto najlepsze uczennice wylądowały jako panie przy mężu. Największa kościelna cnotka jest rozwódką i ma dziecko z cudzym mężem, a wielki klasowy patriota niedawno wyszedł z kicia, w którym siedział za malwersacje finansowe. W poprzedniej szkole średniej kumpel, którego rodzice tłukli za trójkę, został przemytnikiem i ponoć zginął z rąk przyjaciół ze Wschodu. Inny pije, nie ma pracy, więc dorabia sobie wyprowadzaniem psów za pieniądze. Z najcichszej dziewczyny wyrosła przebojowa pani chirurg, a ten, któremu cała klasa dokuczała, jest znanym wydawcą książek. A ta najbardziej wyszczekana, która miała zawojować świat, osiadła przy bogatym mężu za granicą. Najlepsza uczennica, pupilek i lizus, jest starą panną i mieszka z matką. A jedna kompletna kretynka złapała bogatego męża i gardzi nami wszystkimi.<br />
Kiedy wczoraj zadzwoniłam do przyjaciółki z pracy i spytałam, czy wie, co się stało z jej klasą, opowiedziała kilka historii, z których też mogłaby powstać kolejna piosenka. A przecież swoją Kaczmarski napisał przeszło dwadzieścia lat temu. Dokładnie w 1983 roku pytał: “Co się stało z naszą klasą? Pyta Adam w Tel-Awiwie/ Ciężko sprostać takim czasom, ciężko w ogóle żyć uczciwie/ Co się stało z naszą klasą? Wojtek w Szwecji w porno-klubie/ Pisze: dobrze mi tu płacą za to, co i tak wszak lubię/ Kaśka z Piotrkiem są w Kanadzie, bo tam mają perspektywy/ Staszek w Stanach sobie radzi, Paweł do Paryża przywykł/ Gośka z Przemkiem ledwie przędą – w maju będzie trzeci bachor/ Próżno skarżą się urzędom, że też chcieliby na Zachód”.<br />
Większość moich koleżanek i kolegów miała swoje marzenia o dorosłym życiu. Chcieli być aktorami, lekarzami, historykami sztuki. Nie wyszło. Ze szkoły średniej swoje marzenia z dzieciństwa spełnia tylko kilka z nas. Aśka, która od zawsze chciała być prokuratorem. Ja, która chciałam pisać, i Paweł, który chciał mieć własną gazetę. Co z resztą? Życie zweryfikowało ich marzenia. Jedni wyszli na tym lepiej, inni gorzej – jak to w życiu bywa.<br />
Jednego, czego żałuję, to tego, że nigdy nie spojrzałam na swoją klasę, zadając sobie pytanie: “co z nas wyrośnie?”, że wszystko to analizuję dopiero dziś, w czasie przeszłym. Nie potrafię więc obiektywnie stwierdzić, czy podejrzewałam, że z największego klasowego buntownika, dwukrotnie powtarzającego klasę, wyrośnie największy pantoflarz, któremu żona zabroni spotykać się z kumplami? Czy przypuszczałam, że z rozmodlonej mniszki wyrośnie puszczalska z trojgiem dzieci, każde z innym facetem, z których żaden nie był jej mężem? Ale cóż&#8230; gdybym wtedy miała tę wiedzę o życiu, którą mam teraz – byłabym Einsteinem. A tak&#8230; Jestem, kim jestem. A kim Wy będziecie? Oto jest pytanie.</p>
<p style="text-align: left;">COGITO 14/2004 (222)</p>

<p>Do dziś szkoła śni mi się jako koszmar. Nie chciałabym wrócić w jej mury, choć przyznaję, że czasem chciałabym spotkać znajomych z tamtych lat. I żeby byli tacy, jak wtedy&#8230; Mój syn wrócił z obozu i po raz kolejny usłyszałam, &hellip; <a href="http://piekarska.com.pl/?page_id=1027">Continue reading <span class="meta-nav">&rarr;</span></a></p>
