{"id":1937,"date":"2015-04-26T13:34:01","date_gmt":"2015-04-26T13:34:01","guid":{"rendered":"http:\/\/piekarska.com.pl\/?page_id=1937"},"modified":"2019-06-01T12:33:38","modified_gmt":"2019-06-01T10:33:38","slug":"recenzje","status":"publish","type":"page","link":"http:\/\/piekarska.com.pl\/?page_id=1937","title":{"rendered":"Recenzje"},"content":{"rendered":"<p>&#8222;Tropiciele&#8221; zebrali sporo recenzji. Wi\u0119kszo\u015b\u0107 pozytywnych. W niekt\u00f3rych szko\u0142ach\u00a0ksi\u0105\u017cka jest omawiana na lekcjach polskiego. Bywa te\u017c lektur\u0105.<\/p>\n<p><a href=\"http:\/\/piekarska.com.pl\/wp-content\/uploads\/2015\/04\/tropi.jpg\"><img loading=\"lazy\" decoding=\"async\" class=\"alignnone size-thumbnail wp-image-4904\" src=\"http:\/\/piekarska.com.pl\/wp-content\/uploads\/2015\/11\/Tropiciele_front-150x150.jpg\" alt=\"Tropiciele_front\" width=\"150\" height=\"150\" \/>\u00a0<img loading=\"lazy\" decoding=\"async\" class=\"alignnone wp-image-176 size-thumbnail\" src=\"http:\/\/piekarska.com.pl\/wp-content\/uploads\/2015\/04\/tropi-150x150.jpg\" alt=\"tropi\" width=\"150\" height=\"150\" \/><\/a> <a href=\"http:\/\/piekarska.com.pl\/wp-content\/uploads\/2015\/04\/okladkatropi.jpg\"><img loading=\"lazy\" decoding=\"async\" class=\"alignnone wp-image-175 size-thumbnail\" src=\"http:\/\/piekarska.com.pl\/wp-content\/uploads\/2015\/04\/okladkatropi-150x150.jpg\" alt=\"okladkatropi\" width=\"150\" height=\"150\" \/><\/a><\/p>\n<ul>\n<li><a href=\"http:\/\/piekarska.com.pl\/?page_id=5314\" target=\"_blank\" rel=\"noopener noreferrer\">Recenzja Anny Sikorskiej<\/a><\/li>\n<li><a href=\"http:\/\/piekarska.com.pl\/?page_id=5337\" target=\"_blank\" rel=\"noopener noreferrer\">Recenzja Beaty Sarnowskiej<\/a><\/li>\n<li><a href=\"http:\/\/piekarska.com.pl\/?page_id=5617\" target=\"_blank\" rel=\"noopener noreferrer\">Recenzja blogerki Catariny<\/a><\/li>\n<li><a href=\"http:\/\/piekarska.com.pl\/?page_id=5322\" target=\"_blank\" rel=\"noopener noreferrer\">Recenzja blogerki Dzika Jab\u0142o\u0144<\/a><\/li>\n<li><a href=\"http:\/\/piekarska.com.pl\/?page_id=5565\" target=\"_blank\" rel=\"noopener noreferrer\">Recenzja Bo\u017ceny Itoya<\/a><\/li>\n<li><a href=\"http:\/\/piekarska.com.pl\/?page_id=5281\">Recenzja Dominiki \u0141awickiej<\/a><\/li>\n<li><a href=\"http:\/\/piekarska.com.pl\/?page_id=5343\" target=\"_blank\" rel=\"noopener noreferrer\">Recenzja Izabeli Mikrut<\/a><\/li>\n<li><a href=\"http:\/\/piekarska.com.pl\/?page_id=9853\" target=\"_blank\" rel=\"noopener noreferrer\">Recenzja Marcina Mroziuka z portalu esensja.pl<\/a><\/li>\n<li><a href=\"http:\/\/piekarska.com.pl\/?page_id=5291\">Recenzja Micha\u0142a Lipki<\/a><\/li>\n<li><a href=\"http:\/\/piekarska.com.pl\/?page_id=5311\" target=\"_blank\" rel=\"noopener noreferrer\">Recenzja Weroniki Za\u0142uckiej<\/a><\/li>\n<li><a href=\"http:\/\/piekarska.com.pl\/?page_id=775\">Recenzja z Biblioteki Analiz<\/a><\/li>\n<li><a href=\"http:\/\/piekarska.com.pl\/?page_id=5734\" target=\"_blank\" rel=\"noopener noreferrer\">Recenzja z bloga \u201eP\u00f3\u0142eczka z ksi\u0105\u017ckami\u201d<\/a><\/li>\n<li><a href=\"http:\/\/piekarska.com.pl\/?page_id=777\">Recenzja z bloga Librars<\/a><\/li>\n<li><a href=\"http:\/\/piekarska.com.pl\/?page_id=5326\" target=\"_blank\" rel=\"noopener noreferrer\">Recenzja z bloga Ma\u0142y pok\u00f3j z ksi\u0105\u017ckami<\/a><\/li>\n<li><a href=\"http:\/\/piekarska.com.pl\/?page_id=5331\" target=\"_blank\" rel=\"noopener noreferrer\">Recenzja z bloga rekomendacja39<\/a><\/li>\n<li><a href=\"http:\/\/piekarska.com.pl\/?page_id=6453\" target=\"_blank\" rel=\"noopener noreferrer\">Recenzja z bloga Synkowe czytanie<\/a><\/li>\n<li><a href=\"http:\/\/piekarska.com.pl\/?page_id=779\">Recenzja z Gazety Lubuskiej<\/a><\/li>\n<li><a href=\"http:\/\/piekarska.com.pl\/?page_id=781\">Recenzja z Gazety Wsp\u00f3\u0142czesnej<\/a><\/li>\n<li><a href=\"http:\/\/piekarska.com.pl\/?page_id=783\">Recenzja z Lampy<\/a><\/li>\n<li><a href=\"http:\/\/piekarska.com.pl\/?page_id=785\">Recenzja z Magazynu Familia<\/a><\/li>\n<li><a href=\"http:\/\/piekarska.com.pl\/?page_id=5598\" target=\"_blank\" rel=\"noopener noreferrer\">Recenzja z Magazynu Literackiego \u201eKsi\u0105\u017cki\u201d<\/a><\/li>\n<li><a href=\"http:\/\/piekarska.com.pl\/?page_id=787\">Recenzja z merlin.pl<\/a><\/li>\n<li><a href=\"http:\/\/piekarska.com.pl\/?page_id=6139\" target=\"_blank\" rel=\"noopener noreferrer\">Recenzja z portalu Bookownia<\/a><\/li>\n<li><a href=\"http:\/\/piekarska.com.pl\/?page_id=789\">Recenzja z portalu kryminalnego<\/a><\/li>\n<li><a href=\"http:\/\/piekarska.com.pl\/?page_id=791\">Recenzja z portalu ZHP<\/a><\/li>\n<li><a href=\"http:\/\/piekarska.com.pl\/?page_id=794\">Recenzja z Przegl\u0105du<\/a><\/li>\n<li><a href=\"http:\/\/piekarska.com.pl\/?page_id=797\">Recenzja z Tutej<\/a><\/li>\n<li><a href=\"http:\/\/piekarska.com.pl\/?page_id=800\">Recenzja z WP<\/a><\/li>\n<li><a href=\"http:\/\/piekarska.com.pl\/?page_id=802\">Recenzja ze Stolicy<\/a><\/li>\n<\/ul>\n","protected":false},"excerpt":{"rendered":"<p>&#8222;Tropiciele&#8221; zebrali sporo recenzji. Wi\u0119kszo\u015b\u0107 pozytywnych. W niekt\u00f3rych szko\u0142ach\u00a0ksi\u0105\u017cka jest omawiana na lekcjach polskiego. Bywa te\u017c lektur\u0105. \u00a0 Recenzja Anny Sikorskiej Recenzja Beaty Sarnowskiej Recenzja blogerki Catariny Recenzja blogerki Dzika Jab\u0142o\u0144 Recenzja Bo\u017ceny Itoya Recenzja Dominiki \u0141awickiej Recenzja Izabeli Mikrut &hellip; <a href=\"http:\/\/piekarska.com.pl\/?page_id=1937\">Continue reading <span class=\"meta-nav\">&rarr;<\/span><\/a><\/p>\n","protected":false},"author":1,"featured_media":0,"parent":153,"menu_order":0,"comment_status":"closed","ping_status":"open","template":"","meta":{"_acf_changed":false,"footnotes":""},"class_list":["post-1937","page","type-page","status-publish","hentry"],"acf":[],"_links":{"self":[{"href":"http:\/\/piekarska.com.pl\/index.php?rest_route=\/wp\/v2\/pages\/1937","targetHints":{"allow":["GET"]}}],"collection":[{"href":"http:\/\/piekarska.com.pl\/index.php?rest_route=\/wp\/v2\/pages"}],"about":[{"href":"http:\/\/piekarska.com.pl\/index.php?rest_route=\/wp\/v2\/types\/page"}],"author":[{"embeddable":true,"href":"http:\/\/piekarska.com.pl\/index.php?rest_route=\/wp\/v2\/users\/1"}],"replies":[{"embeddable":true,"href":"http:\/\/piekarska.com.pl\/index.php?rest_route=%2Fwp%2Fv2%2Fcomments&post=1937"}],"version-history":[{"count":28,"href":"http:\/\/piekarska.com.pl\/index.php?rest_route=\/wp\/v2\/pages\/1937\/revisions"}],"predecessor-version":[{"id":9855,"href":"http:\/\/piekarska.com.pl\/index.php?rest_route=\/wp\/v2\/pages\/1937\/revisions\/9855"}],"up":[{"embeddable":true,"href":"http:\/\/piekarska.com.pl\/index.php?rest_route=\/wp\/v2\/pages\/153"}],"wp:attachment":[{"href":"http:\/\/piekarska.com.pl\/index.php?rest_route=%2Fwp%2Fv2%2Fmedia&parent=1937"}],"curies":[{"name":"wp","href":"https:\/\/api.w.org\/{rel}","templated":true}]}}