{"id":39,"date":"2014-12-30T17:23:57","date_gmt":"2014-12-30T17:23:57","guid":{"rendered":"http:\/\/piekarska.home.pl\/autoinstalator\/wordpress5\/?page_id=39"},"modified":"2026-02-18T14:02:35","modified_gmt":"2026-02-18T13:02:35","slug":"autorka","status":"publish","type":"page","link":"http:\/\/piekarska.com.pl\/?page_id=39","title":{"rendered":"O MNIE"},"content":{"rendered":"<div class=\"wp-block-image\">\n<figure class=\"alignleft\"><a href=\"http:\/\/piekarska.com.pl\/wp-content\/uploads\/2019\/03\/d143d40d6c34107e0b5e258a509ec7fe.jpg\"><img loading=\"lazy\" decoding=\"async\" width=\"300\" height=\"200\" src=\"http:\/\/piekarska.com.pl\/wp-content\/uploads\/2019\/03\/d143d40d6c34107e0b5e258a509ec7fe-300x200.jpg\" alt=\"\" class=\"wp-image-9710\" srcset=\"http:\/\/piekarska.com.pl\/wp-content\/uploads\/2019\/03\/d143d40d6c34107e0b5e258a509ec7fe-300x200.jpg 300w, http:\/\/piekarska.com.pl\/wp-content\/uploads\/2019\/03\/d143d40d6c34107e0b5e258a509ec7fe-768x512.jpg 768w, http:\/\/piekarska.com.pl\/wp-content\/uploads\/2019\/03\/d143d40d6c34107e0b5e258a509ec7fe-1024x683.jpg 1024w\" sizes=\"auto, (max-width: 300px) 100vw, 300px\" \/><\/a><\/figure>\n<\/div>\n\n\n<p>Urodzi\u0142am si\u0119 pod znakiem Lwa 24 lipca 1967 roku w Warszawie, gdzie mieszkam na Saskiej K\u0119pie w domu po prababci Leokadii Karolinie z Przybytkowskich Adamskiej wraz z m\u0119\u017cem <a href=\"http:\/\/zmuszynski.eu\/\" target=\"_blank\" rel=\"noreferrer noopener\"><strong>Zacharjaszem Muszy\u0144skim<\/strong><\/a>\u00a0oraz suczk\u0105 jamniczk\u0105 <strong>Frytk\u0105<\/strong> i Kotem <strong>Faworkiem<\/strong>. Mam syna Macieja i synow\u0105 Wiktori\u0119. <br \/>Ca\u0142e moje \u017cycie zwi\u0105zane jest z <strong>Warszaw\u0105<\/strong>. Wychowa\u0142am si\u0119 na \u017boliborzu, gdzie chodzi\u0142am do Szko\u0142y Podstawowej nr 92 im Ernesto Che Guevary (dzi\u015b Jana Brzechwy), V Liceum Og\u00f3lnokszta\u0142c\u0105cego im. ksi\u0119cia J\u00f3zefa Poniatowskiego i od drugiej klasy do XVI Liceum Og\u00f3lnokszta\u0142c\u0105cego im. Stefanii Sempo\u0142owskiej, gdzie w 1986 roku zda\u0142am matur\u0119. W 1995 roku uko\u0144czy\u0142am <strong>histori\u0119 sztuki<\/strong> na Uniwersytecie Warszawskim (5-letnie jednolite dzienne studia magisterskie &#8211; absolutorium), ale z powod\u00f3w osobistych nie napisa\u0142am pracy magisterskiej. W 2017 uko\u0144czy\u0142am <a href=\"http:\/\/www.wfdif.pl\/pl\/edukacja-filmowa\/wytwornia-scenariuszy\" target=\"_blank\" rel=\"noreferrer noopener\"><strong>Wytw\u00f3rni\u0119 Scenariuszy<\/strong><\/a> przy WFDiF, czyli 4 semestry nauki pisania scenariuszy filmowych. W 2018 wr\u00f3ci\u0142am na UW, by obroni\u0107 dyplom z historii sztuki. Najpierw w 2019 w <strong><a href=\"https:\/\/ihs.uw.edu.pl\/\" data-type=\"URL\" data-id=\"https:\/\/ihs.uw.edu.pl\/\" target=\"_blank\" rel=\"noreferrer noopener\">Instytucie Historii Sztuki UW<\/a><\/strong> na studiach dziennych obroni\u0142am licencjat. Temat pracy: <em>Przegl\u0105d i por\u00f3wnanie ikonografii XIX-wiecznych drukowanych poczt\u00f3w w\u0142adc\u00f3w polskich autorstwa artyst\u00f3w polskich lub tworz\u0105cych na ziemiach polskich<\/em>. W 2021 roku w tym samym instytucie, r\u00f3wnie\u017c na studiach dziennych, obroni\u0142am prac\u0119 magistersk\u0105. Temat pracy: <em>Wac\u0142aw Chodkowski (1878-1953). Studium monograficzne kariery tw\u00f3rcy objazdowej pracowni malarskiej Jutrzenka.<\/em> W 2022 na Uniwersytecie Warszawskim na <a href=\"https:\/\/www.wdib.uw.edu.pl\/studenci\/studia-podyplomowe\/podyplomowe-studia-bibliotekoznawstwa\" data-type=\"URL\" data-id=\"https:\/\/www.wdib.uw.edu.pl\/studenci\/studia-podyplomowe\/podyplomowe-studia-bibliotekoznawstwa\" target=\"_blank\" rel=\"noreferrer noopener\"><strong>Wydziale Dziennikarstwa Informacji i Bibliologii UW<\/strong><\/a> uko\u0144czy\u0142am podyplomowe studia z zakresu <strong>Bibliotekoznawstwa<\/strong> (Biblioteki w systemie nauki), w 2023 podyplomowe studia menad\u017cerskie z <strong>Zarz\u0105dzania Kultur\u0105<\/strong> (Zarz\u0105dzanie Kultur\u0105 dla Artyst\u00f3w i Animator\u00f3w Kultury) na <a href=\"http:\/\/www.wz.uw.edu.pl\/wydzial\/kierunki\/podyplomowe\/podyplomowe-studia-menedzerskie-w-zakresie-zarzadzania-dla-tworcow-artystow-animatorow-kultury\/opis\" target=\"_blank\" rel=\"noreferrer noopener\"><strong>Wydziale Zarz\u0105dzania UW<\/strong><\/a>, a w 2025 roku <strong>Muzealnictwo<\/strong> (Podyplomowe Studium Muzealnicze) na <strong><a href=\"https:\/\/ihs.uw.edu.pl\/studia\/studia-podyplomowe\/\" data-type=\"link\" data-id=\"https:\/\/ihs.uw.edu.pl\/studia\/studia-podyplomowe\/\" target=\"_blank\" rel=\"noreferrer noopener\">Wydziale Nauk o Kulturze i Sztuce UW<\/a><\/strong>.<\/p>\n\n\n\n<p>Jako historyczka sztuki specjalizuj\u0119 si\u0119 w sztuce polskiej XIX wieku i dwudziestolecia mi\u0119dzywojennego. To co interesuje mnie najbardziej to varsaviana, malarstwo historyczne, sztuka zwi\u0105zana z odzyskiwaniem przez Polsk\u0119 Niepodleg\u0142o\u015bci, a przede wszystkim&#8230; XIX-wieczne ilustracje ksi\u0105\u017ckowe. <br \/>Szeroko poj\u0119t\u0105 kultur\u0105 zajmowa\u0142am si\u0119 przez ostatnie 20 lat nie tylko pisz\u0105c do prasy, lecz tak\u017ce przygotowuj\u0105c na ten temat reporta\u017ce dla TVP. <\/p>\n\n\n<div class=\"wp-block-image\">\n<figure class=\"alignright is-resized\"><img decoding=\"async\" src=\"http:\/\/piekarska.com.pl\/wp-content\/uploads\/2014\/12\/119d8fac9a69ddf174b0642366ff1c3e-300x226.jpg\" alt=\"grafika autorstwa Katarzyny Betli\u0144skiej wykonana w ramach projektu &quot;Miejsce akcji: Warszawa&quot;\" style=\"width:300px;height:226px\"\/><figcaption class=\"wp-element-caption\">grafika autorstwa Katarzyny Betli\u0144skiej wykonana w ramach projektu &#8222;Miejsce akcji: Warszawa&#8221;<\/figcaption><\/figure>\n<\/div>\n\n\n<p><strong>Lubi\u0119:<\/strong> lato, niezapominajki, zwierz\u0119ta, dzieci i m\u0142odzie\u017c, pierogi ruskie i sok jab\u0142kowy, ksi\u0105\u017cki, komiksy o &#8222;Tytusie, Romku i A`Tomku&#8221; (ulubiony cytat to:<em> &#8222;my\u015bla\u0142em i wymy\u015bli\u0142em bezmy\u015blnik. Stawia\u0107 si\u0119 go b\u0119dzie przed zdaniem nie maj\u0105cym sensu.&#8221;<\/em>), filmy (szczeg\u00f3lnie &#8222;w starym kinie&#8221;, sci-fi i komedie), muzyk\u0119 rockow\u0105 i klasyczn\u0105, oper\u0119 i balet, sztuk\u0119 nowo\u017cytn\u0105 z Rembrandtem na czele oraz polsk\u0105 sztuk\u0119 epoki stanis\u0142awowskiej i polskie malarstwo XIX wieku &#8211; zw\u0142aszcza historyczne. Lubi\u0119 te\u017c gry planszowe, prowadzenie samochodu (zrobi\u0142am prawo jazdy w 1989 roku, bo po nocach \u015bni\u0142o mi si\u0119, \u017ce kradn\u0119 ojcu samoch\u00f3d i je\u017cd\u017c\u0119 po mie\u015bcie), fotografowanie (Pierwszy aparat dosta\u0142am na I komuni\u0119 \u015bwi\u0119t\u0105. By\u0142a to Smiena Symbol. Potem fotografowa\u0142am lustrzankami: kilkoma zenithami, ljubitielem, praktic\u0105, canonem, kilkoma aparatami kompaktowymi wreszcie mam lustrzank\u0119 cyfrow\u0105 nikona d40x), uwielbiam spacery, na kt\u00f3re niestety nie mam zbyt wiele czasu (zw\u0142aszcza po g\u00f3rach &#8211; ulubione polskie g\u00f3ry to: Karkonosze, Sto\u0142owe i Pieniny) oraz jazd\u0119 na rowerze i rolkach. Kocham Warszaw\u0119 i nie wyobra\u017cam sobie \u017cycia poza ni\u0105. Poniewa\u017c codziennie jem mi\u00f3d, wi\u0119c <strong>sponsorem mojej weny<\/strong> jest <strong><a rel=\"noreferrer noopener\" href=\"http:\/\/miodowamanufaktura.waw.pl\/\" target=\"_blank\">Miodowa Manufaktura<\/a>&nbsp;&#8211; <\/strong>najbardziej warszawska pasieka, bo wbrew pozorom miasto to raj dla pszcz\u00f3\u0142.<br \/><strong>Nie lubi\u0119:<\/strong>&nbsp;partii politycznych i polityk\u00f3w, (cho\u0107 miewam w\u015br\u00f3d nich znajomych, mam swoje zdanie i \u015bledz\u0119 sytuacj\u0119 polityczn\u0105 w naszym kraju), smrodu w zat\u0142oczonych \u015brodkach komunikacji miejskiej, ludzi o skrajnych pogl\u0105dach i takich bez poczucia humoru, sk\u0105pc\u00f3w, zimy i mrozu oraz w\u0105tr\u00f3bki i knedli ze \u015bliwkami.<br \/><strong>Boj\u0119 si\u0119:<\/strong> samotno\u015bci, chor\u00f3b oraz ludzi, kt\u00f3rzy nigdy nie p\u0142acz\u0105.<\/p>\n\n\n<div class=\"wp-block-image\">\n<figure class=\"alignleft\"><a href=\"http:\/\/piekarska.com.pl\/wp-content\/uploads\/2016\/12\/dl05.jpg\"><img loading=\"lazy\" decoding=\"async\" width=\"225\" height=\"300\" src=\"http:\/\/piekarska.com.pl\/wp-content\/uploads\/2016\/12\/dl05-225x300.jpg\" alt=\"\" class=\"wp-image-6315\" srcset=\"http:\/\/piekarska.com.pl\/wp-content\/uploads\/2016\/12\/dl05-225x300.jpg 225w, http:\/\/piekarska.com.pl\/wp-content\/uploads\/2016\/12\/dl05-768x1024.jpg 768w, http:\/\/piekarska.com.pl\/wp-content\/uploads\/2016\/12\/dl05.jpg 1536w\" sizes=\"auto, (max-width: 225px) 100vw, 225px\" \/><\/a><figcaption class=\"wp-element-caption\">W kawiarni &#8222;Literatka&#8221; <br \/>po spotkaniu w Domu Literatury <br \/>fot. Bo\u017cena Intrator<\/figcaption><\/figure>\n<\/div>\n\n\n<p><strong>U\u017cywam:<\/strong> obu imion. Dosta\u0142am na chrzcie Ma\u0142gorzata Karolina, bo Ma\u0142gorzata to by\u0142o drugie imi\u0119 mojej mamy, a Karolina, bo to imi\u0119 rodzinne, kt\u00f3re od osiemnastego wieku nadawane jest jako imi\u0119 drugie. Tak na imi\u0119 mia\u0142a moja prapraprababcia (potomkini holenderskich osadnik\u00f3w, kt\u00f3rzy w okresie kontrreformacji przybyli na ziemie polskie) Karolina z Szenk\u00f3w Neumann, kt\u00f3ra zmar\u0142a podczas porodu. Jej c\u00f3rka &#8211; moja praprababcia Anna z Neuman\u00f3w Przybytkowska nada\u0142a swojej c\u00f3rce, a mojej prababci Leokadii z Przybytkowskich Adamskiej imi\u0119 Karolina jako drugie, by nie powt\u00f3rzy\u0142a losu swojej imienniczki i przy porodzie nie zmar\u0142a. Potem moja prababcia da\u0142a swojej c\u00f3rce Janinie z Adamskich Piekarskiej imi\u0119 Karolina zn\u00f3w jako drugie. I tak to si\u0119 ci\u0105gnie. Jestem Ma\u0142gorzata, a Karolina mam na drugie, by zgodnie z \u017cyczeniem prababci d\u0142ugo \u017cy\u0107. Czego jeszcze u\u017cywam? Do pisania o\u0142\u00f3wk\u00f3w lub pi\u00f3ra wiecznego (zawsze mam ich przy sobie kilka). Szybkie notatki robi\u0119 w notesach i zawsze mam przy sobie jaki\u015b. Nie wyrzucam \u017cadnego z notes\u00f3w tylko chowam w szafce. Pisz\u0119 na wielkim komputerze, kt\u00f3ry stoi w gabinecie i ma ksywk\u0119 &#8222;smarkacz&#8221; lub na MacBook&#8217;u firmy Apple zwanym ze wzgl\u0119du na kolor &#8222;srebrzystym&#8221;. Przywi\u0105zuje si\u0119 do niekt\u00f3rych przedmiot\u00f3w i nadaj\u0119 im imiona. Dlatego przez 12 lat je\u017adzi\u0142am jubileuszow\u0105 wersj\u0105 fiata 600 zwan\u0105 przeze mnie &#8222;Jubi\u015b&#8221;, zast\u0105pionym przez fiata punto zwanym &#8222;Kropeczk\u0105&#8221; (uzna\u0142am, \u017ce bia\u0142e, pastelowe auto jest dziewczynk\u0105 &#8211; st\u0105d \u017ce\u0144ska wersja imienia). Najcz\u0119\u015bciej chodz\u0119 w spodniach. Lubi\u0119 nosi\u0107 martensy.<br \/>Pasjonuj\u0105 mnie historia mojego miasta i jego zabytki oraz genealogia w\u0142asnej rodziny, o kt\u00f3rej wiem sporo. Czego dowodem niech b\u0119dzie m\u00f3j specjalny genealogiczny blog\/portal pod adresem: <a rel=\"noreferrer noopener\" href=\"http:\/\/piekarscy.com.pl\" target=\"_blank\">piekarscy.com.pl<\/a> oraz zrealizowany w 2013 roku ze mn\u0105 odcinek programu &#8222;Saga rod\u00f3w&#8221; zatytu\u0142owany: &#8222;Saga rod\u00f3w. Piekarscy&#8221;.<\/p>\n\n\n\n<figure class=\"wp-block-embed is-type-video is-provider-youtube wp-block-embed-youtube wp-embed-aspect-4-3 wp-has-aspect-ratio\"><div class=\"wp-block-embed__wrapper\">\n<iframe loading=\"lazy\"  id=\"_ytid_56350\"  width=\"620\" height=\"349\"  data-origwidth=\"620\" data-origheight=\"349\" src=\"https:\/\/www.youtube.com\/embed\/f6prOmtEO68?enablejsapi=1&#038;autoplay=0&#038;cc_load_policy=0&#038;cc_lang_pref=&#038;iv_load_policy=1&#038;loop=0&#038;rel=1&#038;fs=1&#038;playsinline=0&#038;autohide=2&#038;theme=dark&#038;color=red&#038;controls=1&#038;disablekb=0&#038;\" class=\"__youtube_prefs__  epyt-is-override  no-lazyload\" title=\"YouTube player\"  allow=\"fullscreen; accelerometer; autoplay; clipboard-write; encrypted-media; gyroscope; picture-in-picture; web-share\" referrerpolicy=\"strict-origin-when-cross-origin\" allowfullscreen data-no-lazy=\"1\" data-skipgform_ajax_framebjll=\"\"><\/iframe>\n<\/div><\/figure>\n\n\n\n<p>W dziennikarstwie przesz\u0142am przez prawie wszystkie &#8222;szczeble kariery&#8221; od reportera, przez sekretarza redakcji, wydawc\u0119, redaktora prowadz\u0105cego a\u017c do redaktora naczelnego, pracuj\u0105c w r\u00f3\u017cnych redakcjach prasowych i wsp\u00f3\u0142pracuj\u0105c z TVP, a zw\u0142aszcza z TVP WARSZAWA, z kt\u00f3r\u0105 rozsta\u0142am si\u0119 w 2017 roku po 21 latach bezetatowej wsp\u00f3\u0142pracy, pisz\u0105c o swoich powodach w <a href=\"http:\/\/piekarska.com.pl\/?p=6852\" target=\"_blank\" rel=\"noreferrer noopener\">li\u015bcie do prezesa<\/a> TVP.<br \/>Pisa\u0142am do wielu gazet w tym mi\u0119dzy innymi do takich jak: LUZ, Kobieta i Styl, Tw\u00f3j styl, Express Wieczorny, Sztandar M\u0142odych, Mieszkaniec, Superexpress, Lider, Victor-gimnazjalista i Magazyn 13-tka, a tak\u017ce Stolica, Przegl\u0105d, More Maiorum oraz kwartalniki literackie &#8222;Wyspa&#8221; i &#8222;Podgl\u0105d&#8221;. Jestem autork\u0105 niezliczonej ilo\u015bci artyku\u0142\u00f3w popularnonaukowych na temat <strong>historii, historii sztuki i varsavian\u00f3w<\/strong>. Od maja 2017 jestem sta\u0142\u0105 felietonistk\u0105 Magazynu Literackiego &#8222;Ksi\u0105\u017cki&#8221;. <br \/>W latach 2018-2019 by\u0142am wsp\u00f3\u0142scenarzystk\u0105 najstarszej radiowej powie\u015bci &#8222;Matysiakowie&#8221;. <br \/>Od lutego 2020 prowadz\u0119 wirtualn\u0105 galeri\u0119 sztuki <strong><a href=\"https:\/\/sztukaistyl.pl\/\" data-type=\"URL\" data-id=\"https:\/\/sztukaistyl.pl\/\" target=\"_blank\" rel=\"noreferrer noopener\">Sztuka i Styl<\/a><\/strong>. <br \/>Od wrze\u015bnia 2021 pracuj\u0119 w <a href=\"https:\/\/muzn.pl\/\" data-type=\"URL\" data-id=\"https:\/\/muzn.pl\/\" target=\"_blank\" rel=\"noreferrer noopener\"><strong>Muzeum Niepodleg\u0142o\u015bci w Warszawie<\/strong><\/a> jako Kusztosz i aktualnie pe\u0142ni\u0119 tam funkcj\u0119 kierownika Dzia\u0142u Zbior\u00f3w. <br \/>Mimo, \u017ce mam na swoim koncie wiele program\u00f3w i reporta\u017cy telewizyjnych, w tym o Kaziku Staszewskim, o zespole TSA czy ulicznych grajkach to jednak pisanie jest tym co lubi\u0119 robi\u0107 najbardziej. Wszystko dlatego, \u017ce papier jest cierpliwy, a s\u0142owo od zawsze mia\u0142o wielk\u0105 moc. Przecie\u017c to ono by\u0142o na pocz\u0105tku.<\/p>\n\n\n\n<p>Jestem cz\u0142onkiem <a href=\"http:\/\/www.ibby.pl\/\" target=\"_blank\" rel=\"noreferrer noopener\"><strong>polskiej sekcji IBBY<\/strong><\/a>, <strong><a href=\"https:\/\/wtg.org.pl\/\" target=\"_blank\" rel=\"noreferrer noopener\">Warszawskiego Towarzystwa Genealogicznego<\/a><\/strong>, <strong><a href=\"https:\/\/www.shs.pl\/\" data-type=\"URL\" data-id=\"https:\/\/www.shs.pl\/\" target=\"_blank\" rel=\"noreferrer noopener\">Stowarzyszenia Historyk\u00f3w Sztuki<\/a><\/strong>, <strong><a href=\"https:\/\/muzealnicy.com.pl\/\" data-type=\"link\" data-id=\"https:\/\/muzealnicy.com.pl\/\" target=\"_blank\" rel=\"noreferrer noopener\">Stowarzyszenia Muzealnik\u00f3w Polskich<\/a><\/strong> oraz <a href=\"http:\/\/sppwarszawa.pl\/\" target=\"_blank\" rel=\"noreferrer noopener\"><strong>Stowarzyszenia Pisarzy Polskich<\/strong><\/a>. Od 2011 dzia\u0142am w Zarz\u0105dzie Oddzia\u0142u Warszawskiego. W latach 2011-2014 pe\u0142ni\u0142am funkcj\u0119 skarbnika. W kadencji 2014-2017 pe\u0142ni\u0142am funkcj\u0119 prezesa Oddzia\u0142u Warszawskiego. W listopadzie 2017 roku powierzono mi t\u0119 funkcj\u0119 powt\u00f3rnie na kadencj\u0119 2017-2020, kt\u00f3ra z powodu pandemii zosta\u0142a przed\u0142u\u017cona do jesieni roku 2021. Jesieni\u0105 2021 roku odby\u0142y si\u0119 wybory do w\u0142adz oddzia\u0142u. Nie zgodzi\u0142am si\u0119 kandydowa\u0107 na stanowisko prezesa, ale zdecydowa\u0142am si\u0119 jeszcze na dalsz\u0105 prac\u0119 w zarz\u0105dzie i zosta\u0142am wybrana. Piastuj\u0119 funkcj\u0119 wiceprezesa w kadencji 2021-2024. Od 2022 roku (ju\u017c drug\u0105 kadencj\u0119) pe\u0142ni\u0119 funkcj\u0119 Sekretarza Zarz\u0105du G\u0142ownego Stowarzyszenia Pisarzy Polskich. <\/p>\n\n\n\n<p><a href=\"https:\/\/orcid.org\/0000-0002-6551-6839\" data-type=\"URL\" data-id=\"https:\/\/orcid.org\/0000-0002-6551-6839\" target=\"_blank\" rel=\"noreferrer noopener\">ORCID<\/a> <\/p>\n\n\n<div class=\"wp-block-image\">\n<figure class=\"aligncenter\"><img loading=\"lazy\" decoding=\"async\" width=\"264\" height=\"31\" src=\"http:\/\/piekarska.home.pl\/autoinstalator\/wordpress5\/wp-content\/uploads\/2014\/12\/podpis.jpg\" alt=\"podpis\" class=\"wp-image-26\"\/><\/figure>\n<\/div>\n\n\n<figure class=\"wp-block-gallery has-nested-images columns-default is-cropped wp-block-gallery-1 is-layout-flex wp-block-gallery-is-layout-flex\">\n<figure class=\"wp-block-image size-large\"><a href=\"http:\/\/piekarska.com.pl\/wp-content\/uploads\/2018\/02\/frytka02.jpg\"><img loading=\"lazy\" decoding=\"async\" width=\"1024\" height=\"683\" data-id=\"8804\" src=\"http:\/\/piekarska.com.pl\/wp-content\/uploads\/2018\/02\/frytka02-1024x683.jpg\" alt=\"\" class=\"wp-image-8804\" srcset=\"http:\/\/piekarska.com.pl\/wp-content\/uploads\/2018\/02\/frytka02-1024x683.jpg 1024w, http:\/\/piekarska.com.pl\/wp-content\/uploads\/2018\/02\/frytka02-300x200.jpg 300w, http:\/\/piekarska.com.pl\/wp-content\/uploads\/2018\/02\/frytka02-768x512.jpg 768w, http:\/\/piekarska.com.pl\/wp-content\/uploads\/2018\/02\/frytka02.jpg 1200w\" sizes=\"auto, (max-width: 1024px) 100vw, 1024px\" \/><\/a><\/figure>\n\n\n\n<figure class=\"wp-block-image size-large\"><a href=\"http:\/\/piekarska.com.pl\/wp-content\/uploads\/2018\/02\/frytka03.jpg\"><img loading=\"lazy\" decoding=\"async\" width=\"1024\" height=\"683\" data-id=\"8803\" src=\"http:\/\/piekarska.com.pl\/wp-content\/uploads\/2018\/02\/frytka03-1024x683.jpg\" alt=\"\" class=\"wp-image-8803\" srcset=\"http:\/\/piekarska.com.pl\/wp-content\/uploads\/2018\/02\/frytka03-1024x683.jpg 1024w, http:\/\/piekarska.com.pl\/wp-content\/uploads\/2018\/02\/frytka03-300x200.jpg 300w, http:\/\/piekarska.com.pl\/wp-content\/uploads\/2018\/02\/frytka03-768x512.jpg 768w, http:\/\/piekarska.com.pl\/wp-content\/uploads\/2018\/02\/frytka03.jpg 1200w\" sizes=\"auto, (max-width: 1024px) 100vw, 1024px\" \/><\/a><\/figure>\n\n\n\n<figure class=\"wp-block-image size-large\"><a href=\"http:\/\/piekarska.com.pl\/wp-content\/uploads\/2018\/02\/frytka04.jpg\"><img loading=\"lazy\" decoding=\"async\" width=\"1024\" height=\"683\" data-id=\"8802\" src=\"http:\/\/piekarska.com.pl\/wp-content\/uploads\/2018\/02\/frytka04-1024x683.jpg\" alt=\"\" class=\"wp-image-8802\" srcset=\"http:\/\/piekarska.com.pl\/wp-content\/uploads\/2018\/02\/frytka04-1024x683.jpg 1024w, http:\/\/piekarska.com.pl\/wp-content\/uploads\/2018\/02\/frytka04-300x200.jpg 300w, http:\/\/piekarska.com.pl\/wp-content\/uploads\/2018\/02\/frytka04-768x512.jpg 768w, http:\/\/piekarska.com.pl\/wp-content\/uploads\/2018\/02\/frytka04.jpg 1200w\" sizes=\"auto, (max-width: 1024px) 100vw, 1024px\" \/><\/a><\/figure>\n\n\n\n<figure class=\"wp-block-image size-large\"><a href=\"http:\/\/piekarska.com.pl\/wp-content\/uploads\/2018\/02\/frytka05.jpg\"><img loading=\"lazy\" decoding=\"async\" width=\"1024\" height=\"683\" data-id=\"8801\" src=\"http:\/\/piekarska.com.pl\/wp-content\/uploads\/2018\/02\/frytka05-1024x683.jpg\" alt=\"\" class=\"wp-image-8801\" srcset=\"http:\/\/piekarska.com.pl\/wp-content\/uploads\/2018\/02\/frytka05-1024x683.jpg 1024w, http:\/\/piekarska.com.pl\/wp-content\/uploads\/2018\/02\/frytka05-300x200.jpg 300w, http:\/\/piekarska.com.pl\/wp-content\/uploads\/2018\/02\/frytka05-768x512.jpg 768w, http:\/\/piekarska.com.pl\/wp-content\/uploads\/2018\/02\/frytka05.jpg 1200w\" sizes=\"auto, (max-width: 1024px) 100vw, 1024px\" \/><\/a><\/figure>\n\n\n\n<figure class=\"wp-block-image size-large\"><a href=\"http:\/\/piekarska.com.pl\/wp-content\/uploads\/2018\/02\/frytka06.jpg\"><img loading=\"lazy\" decoding=\"async\" width=\"1024\" height=\"683\" data-id=\"8800\" src=\"http:\/\/piekarska.com.pl\/wp-content\/uploads\/2018\/02\/frytka06-1024x683.jpg\" alt=\"\" class=\"wp-image-8800\" srcset=\"http:\/\/piekarska.com.pl\/wp-content\/uploads\/2018\/02\/frytka06-1024x683.jpg 1024w, http:\/\/piekarska.com.pl\/wp-content\/uploads\/2018\/02\/frytka06-300x200.jpg 300w, http:\/\/piekarska.com.pl\/wp-content\/uploads\/2018\/02\/frytka06-768x512.jpg 768w, http:\/\/piekarska.com.pl\/wp-content\/uploads\/2018\/02\/frytka06.jpg 1200w\" sizes=\"auto, (max-width: 1024px) 100vw, 1024px\" \/><\/a><\/figure>\n\n\n\n<figure class=\"wp-block-image size-large\"><a href=\"http:\/\/piekarska.com.pl\/wp-content\/uploads\/2018\/02\/frytka07.jpg\"><img loading=\"lazy\" decoding=\"async\" width=\"1024\" height=\"683\" data-id=\"8799\" src=\"http:\/\/piekarska.com.pl\/wp-content\/uploads\/2018\/02\/frytka07-1024x683.jpg\" alt=\"\" class=\"wp-image-8799\" srcset=\"http:\/\/piekarska.com.pl\/wp-content\/uploads\/2018\/02\/frytka07-1024x683.jpg 1024w, http:\/\/piekarska.com.pl\/wp-content\/uploads\/2018\/02\/frytka07-300x200.jpg 300w, http:\/\/piekarska.com.pl\/wp-content\/uploads\/2018\/02\/frytka07-768x512.jpg 768w, http:\/\/piekarska.com.pl\/wp-content\/uploads\/2018\/02\/frytka07.jpg 1200w\" sizes=\"auto, (max-width: 1024px) 100vw, 1024px\" \/><\/a><\/figure>\n<figcaption class=\"blocks-gallery-caption wp-element-caption\">Frytka w obiektywie Doroty Gorczycy-Wo\u017aniak<\/figcaption><\/figure>\n","protected":false},"excerpt":{"rendered":"<p>Urodzi\u0142am si\u0119 pod znakiem Lwa 24 lipca 1967 roku w Warszawie, gdzie mieszkam na Saskiej K\u0119pie w domu po prababci Leokadii Karolinie z Przybytkowskich Adamskiej wraz z m\u0119\u017cem Zacharjaszem Muszy\u0144skim\u00a0oraz suczk\u0105 jamniczk\u0105 Frytk\u0105 i Kotem Faworkiem. Mam syna Macieja i &hellip; <a href=\"http:\/\/piekarska.com.pl\/?page_id=39\">Continue reading <span class=\"meta-nav\">&rarr;<\/span><\/a><\/p>\n","protected":false},"author":1,"featured_media":0,"parent":0,"menu_order":1,"comment_status":"closed","ping_status":"open","template":"","meta":{"_acf_changed":false,"footnotes":""},"class_list":["post-39","page","type-page","status-publish","hentry"],"acf":[],"_links":{"self":[{"href":"http:\/\/piekarska.com.pl\/index.php?rest_route=\/wp\/v2\/pages\/39","targetHints":{"allow":["GET"]}}],"collection":[{"href":"http:\/\/piekarska.com.pl\/index.php?rest_route=\/wp\/v2\/pages"}],"about":[{"href":"http:\/\/piekarska.com.pl\/index.php?rest_route=\/wp\/v2\/types\/page"}],"author":[{"embeddable":true,"href":"http:\/\/piekarska.com.pl\/index.php?rest_route=\/wp\/v2\/users\/1"}],"replies":[{"embeddable":true,"href":"http:\/\/piekarska.com.pl\/index.php?rest_route=%2Fwp%2Fv2%2Fcomments&post=39"}],"version-history":[{"count":80,"href":"http:\/\/piekarska.com.pl\/index.php?rest_route=\/wp\/v2\/pages\/39\/revisions"}],"predecessor-version":[{"id":77935,"href":"http:\/\/piekarska.com.pl\/index.php?rest_route=\/wp\/v2\/pages\/39\/revisions\/77935"}],"wp:attachment":[{"href":"http:\/\/piekarska.com.pl\/index.php?rest_route=%2Fwp%2Fv2%2Fmedia&parent=39"}],"curies":[{"name":"wp","href":"https:\/\/api.w.org\/{rel}","templated":true}]}}