{"id":416,"date":"2015-04-22T13:07:16","date_gmt":"2015-04-22T13:07:16","guid":{"rendered":"http:\/\/piekarska.com.pl\/?page_id=416"},"modified":"2015-04-26T14:28:16","modified_gmt":"2015-04-26T14:28:16","slug":"2010-r-malgorzata-piekarska-i-bookcrossing-w-cafe-pianola","status":"publish","type":"page","link":"http:\/\/piekarska.com.pl\/?page_id=416","title":{"rendered":"2010 r. &#8211; Ma\u0142gorzata Piekarska i bookcrossing w Cafe Pianola"},"content":{"rendered":"<p>W Cafe Pianola Ma\u0142gorzata Piekarska &#8222;uwolni\u0142a ksi\u0105\u017cki&#8221;, czyli otworzy\u0142a now\u0105 p\u00f3\u0142k\u0119 bookcrossingow\u0105.<\/p>\n<p><a href=\"http:\/\/piekarska.com.pl\/wp-content\/uploads\/2015\/04\/DSC_0287.jpg\"><img loading=\"lazy\" decoding=\"async\" class=\"alignleft size-medium wp-image-417\" src=\"http:\/\/piekarska.com.pl\/wp-content\/uploads\/2015\/04\/DSC_0287-300x201.jpg\" alt=\"DSC_0287\" width=\"300\" height=\"201\" srcset=\"http:\/\/piekarska.com.pl\/wp-content\/uploads\/2015\/04\/DSC_0287-300x201.jpg 300w, http:\/\/piekarska.com.pl\/wp-content\/uploads\/2015\/04\/DSC_0287-1024x685.jpg 1024w\" sizes=\"auto, (max-width: 300px) 100vw, 300px\" \/><\/a>Ma\u0142gorzata Piekarska to pisarka, dziennikarka, autorka ksi\u0105\u017cek dla dzieci i m\u0142odzie\u017cy.<br \/>\n&#8211; Przedtem zdarza\u0142o si\u0119, \u017ce otwiera\u0142am takie p\u00f3\u0142ki sama, w knajpkach, a wtedy ludzie wytrzeszczali oczy i patrzyli na mnie jak na wariatk\u0119 \u2013 \u015bmieje si\u0119. &#8211; W Cafe Pianola s\u0105 czytelnicy, kt\u00f3rzy doskonale wiedz\u0105, \u017ce mo\u017ce i jestem wariatk\u0105, ale zwi\u0105zan\u0105 z ksi\u0105\u017ckami i bookcrossingiem.<\/p>\n<p>Czym jest bookcrossing? To zwyczaj &#8222;uwalniania\u201d niepotrzebnych, kurz\u0105cych si\u0119 na naszych p\u00f3\u0142kach ksi\u0105\u017cek, czyli pozostawiania ich w specjalnie wyznaczonych miejscach, by skorzystali z nich inni.<\/p>\n<p>Sobotnie spotkanie by\u0142o doskona\u0142\u0105 okazj\u0105 do zapoznania si\u0119 zar\u00f3wno z ide\u0105 bookcrossingu, jak i z sam\u0105 pisark\u0105 i jej powie\u015bciami, kt\u00f3rych fragmenty zosta\u0142y zaprezentowane przez autork\u0119 i m\u0142odzie\u017c.<br \/>\nMa\u0142gorzata Karolina Piekarska pisze o wsp\u00f3\u0142czesnych nastolatkach bez owijania w bawe\u0142n\u0119, bez omijania trudnych temat\u00f3w, ale ciep\u0142o, sympatycznie. Jak wyzna\u0142a autorka &#8211; jest zwolenniczk\u0105 pokazywania rzeczywisto\u015bci bez upi\u0119ksze\u0144, st\u0105d m\u0142odzie\u017cowy \u017cargon, kt\u00f3rym pos\u0142uguj\u0105 si\u0119 bohaterowie jej ksi\u0105\u017cek i \u015bwiat widziany oczyma nastolatek.<\/p>\n<p><em>ESO, J. Niwi\u0144ska<\/em><br \/>\n<em>\u017ar\u00f3d\u0142o:\u00a0Gazeta Pomorska, 12 grudnia 2010<\/em><\/p>\n","protected":false},"excerpt":{"rendered":"<p>W Cafe Pianola Ma\u0142gorzata Piekarska &#8222;uwolni\u0142a ksi\u0105\u017cki&#8221;, czyli otworzy\u0142a now\u0105 p\u00f3\u0142k\u0119 bookcrossingow\u0105. Ma\u0142gorzata Piekarska to pisarka, dziennikarka, autorka ksi\u0105\u017cek dla dzieci i m\u0142odzie\u017cy. &#8211; Przedtem zdarza\u0142o si\u0119, \u017ce otwiera\u0142am takie p\u00f3\u0142ki sama, w knajpkach, a wtedy ludzie wytrzeszczali oczy i &hellip; <a href=\"http:\/\/piekarska.com.pl\/?page_id=416\">Continue reading <span class=\"meta-nav\">&rarr;<\/span><\/a><\/p>\n","protected":false},"author":1,"featured_media":0,"parent":1980,"menu_order":0,"comment_status":"closed","ping_status":"open","template":"","meta":{"_acf_changed":false,"footnotes":""},"class_list":["post-416","page","type-page","status-publish","hentry"],"acf":[],"_links":{"self":[{"href":"http:\/\/piekarska.com.pl\/index.php?rest_route=\/wp\/v2\/pages\/416","targetHints":{"allow":["GET"]}}],"collection":[{"href":"http:\/\/piekarska.com.pl\/index.php?rest_route=\/wp\/v2\/pages"}],"about":[{"href":"http:\/\/piekarska.com.pl\/index.php?rest_route=\/wp\/v2\/types\/page"}],"author":[{"embeddable":true,"href":"http:\/\/piekarska.com.pl\/index.php?rest_route=\/wp\/v2\/users\/1"}],"replies":[{"embeddable":true,"href":"http:\/\/piekarska.com.pl\/index.php?rest_route=%2Fwp%2Fv2%2Fcomments&post=416"}],"version-history":[{"count":1,"href":"http:\/\/piekarska.com.pl\/index.php?rest_route=\/wp\/v2\/pages\/416\/revisions"}],"predecessor-version":[{"id":419,"href":"http:\/\/piekarska.com.pl\/index.php?rest_route=\/wp\/v2\/pages\/416\/revisions\/419"}],"up":[{"embeddable":true,"href":"http:\/\/piekarska.com.pl\/index.php?rest_route=\/wp\/v2\/pages\/1980"}],"wp:attachment":[{"href":"http:\/\/piekarska.com.pl\/index.php?rest_route=%2Fwp%2Fv2%2Fmedia&parent=416"}],"curies":[{"name":"wp","href":"https:\/\/api.w.org\/{rel}","templated":true}]}}