{"id":580,"date":"2015-04-23T05:07:22","date_gmt":"2015-04-23T05:07:22","guid":{"rendered":"http:\/\/piekarska.com.pl\/?page_id=580"},"modified":"2015-06-28T14:47:20","modified_gmt":"2015-06-28T14:47:20","slug":"chcialam-wydac-ksiazke","status":"publish","type":"page","link":"http:\/\/piekarska.com.pl\/?page_id=580","title":{"rendered":"Chcia\u0142am wyda\u0107 ksi\u0105\u017ck\u0119"},"content":{"rendered":"<p><b>***<\/b><\/p>\n<p>Chcia\u0142am wyda\u0107 ksi\u0105\u017ck\u0119<br \/>\nMy\u015blano, \u017ce &#8230; wst\u0105\u017ck\u0119<br \/>\nBo blondynk\u0105 jestem<br \/>\n\u015awiadcz\u0119 o tym gestem,<br \/>\nMow\u0105, uczynkiem i zaniedbaniem<br \/>\ni uchachaniem,<br \/>\ngdy kto\u015b zagi\u0119ty paluszek pod nos podstawi<br \/>\nto mnie bawi!<br \/>\nDlatego uznano, \u017ce tego com napisa\u0142a czyta\u0107 nie warto<br \/>\nObdarzono czarn\u0105 kart\u0105<br \/>\nKt\u00f3ra polewk\u0119 przypomina<br \/>\nC\u00f3\u017c&#8230; w czasach gdy vagina<br \/>\nZ dwiema \u0142echtaczkami<br \/>\nI Gretkowska z emigrantami<br \/>\nPanuj\u0105 w ksi\u0119garniach<br \/>\nPalcami strony Panoramy Firm rozgarniam<br \/>\nI dzwoni\u0119<br \/>\nWisz\u0119 na telefonie<br \/>\nI s\u0142ysz\u0119<br \/>\nZaraz. Czy to ja dysz\u0119?<br \/>\nNie! to Pan w wydawnictwie<br \/>\nM\u00f3wi o pi\u015bmiennictwie i czytelnictwie<br \/>\n\u017be gwa\u0142townie spada<br \/>\nAle\u017c gadka-\u017cenada<br \/>\nPan mlaszcze i &#8230; glamie<br \/>\nBo je drugie \u015bniadanie<br \/>\nO! w\u0142a\u015bnie si\u0119 zakrztusi\u0142.<br \/>\nDobrze, \u017ce nie udusi\u0142<br \/>\nCho\u0107&#8230; mo\u017ce szkoda?<br \/>\nPomog\u0142a mu w szklance woda.<br \/>\nSiorbn\u0105\u0142 raz i drugi<br \/>\nRozpocz\u0105\u0142 monolog d\u0142ugi<br \/>\nM\u00f3wi\u0119, \u017ce wszystko co s\u0142ysz\u0119 ju\u017c wiem i pytam<br \/>\nczy ksi\u0105\u017ck\u0119 moj\u0105 przeczyta.<br \/>\nA on na to, \u017ce sam do autor\u00f3w dzwoni<br \/>\nRozumiem. Zaraz mnie pogoni, przegoni i nie dogoni.<br \/>\nI tylko jednego nie powiedzia\u0142 jasno&#8230;<br \/>\nKiedy nadejdzie termin dzwonienia do autor\u00f3w z Warszawy<br \/>\n&#8230;na K\u0119p\u0119 Sask\u0105.<br \/>\nChyba zamiast wydawa\u0107 ksi\u0105\u017ck\u0119<br \/>\nKupi\u0119 wst\u0105\u017ck\u0119<br \/>\nA mo\u017ce podwi\u0105zk\u0119?<br \/>\nBo w ko\u0144cu blondynk\u0105 jestem<br \/>\n\u015awiadcz\u0119 o tym gestem,<br \/>\nI czym\u015b tam jeszcze&#8230;<\/p>\n<p><em>(Kwiecie\u0144 2002)<\/em><\/p>\n","protected":false},"excerpt":{"rendered":"<p>*** Chcia\u0142am wyda\u0107 ksi\u0105\u017ck\u0119 My\u015blano, \u017ce &#8230; wst\u0105\u017ck\u0119 Bo blondynk\u0105 jestem \u015awiadcz\u0119 o tym gestem, Mow\u0105, uczynkiem i zaniedbaniem i uchachaniem, gdy kto\u015b zagi\u0119ty paluszek pod nos podstawi to mnie bawi! Dlatego uznano, \u017ce tego com napisa\u0142a czyta\u0107 nie warto &hellip; <a href=\"http:\/\/piekarska.com.pl\/?page_id=580\">Continue reading <span class=\"meta-nav\">&rarr;<\/span><\/a><\/p>\n","protected":false},"author":1,"featured_media":0,"parent":454,"menu_order":0,"comment_status":"closed","ping_status":"open","template":"","meta":{"_acf_changed":false,"footnotes":""},"class_list":["post-580","page","type-page","status-publish","hentry"],"acf":[],"_links":{"self":[{"href":"http:\/\/piekarska.com.pl\/index.php?rest_route=\/wp\/v2\/pages\/580","targetHints":{"allow":["GET"]}}],"collection":[{"href":"http:\/\/piekarska.com.pl\/index.php?rest_route=\/wp\/v2\/pages"}],"about":[{"href":"http:\/\/piekarska.com.pl\/index.php?rest_route=\/wp\/v2\/types\/page"}],"author":[{"embeddable":true,"href":"http:\/\/piekarska.com.pl\/index.php?rest_route=\/wp\/v2\/users\/1"}],"replies":[{"embeddable":true,"href":"http:\/\/piekarska.com.pl\/index.php?rest_route=%2Fwp%2Fv2%2Fcomments&post=580"}],"version-history":[{"count":1,"href":"http:\/\/piekarska.com.pl\/index.php?rest_route=\/wp\/v2\/pages\/580\/revisions"}],"predecessor-version":[{"id":581,"href":"http:\/\/piekarska.com.pl\/index.php?rest_route=\/wp\/v2\/pages\/580\/revisions\/581"}],"up":[{"embeddable":true,"href":"http:\/\/piekarska.com.pl\/index.php?rest_route=\/wp\/v2\/pages\/454"}],"wp:attachment":[{"href":"http:\/\/piekarska.com.pl\/index.php?rest_route=%2Fwp%2Fv2%2Fmedia&parent=580"}],"curies":[{"name":"wp","href":"https:\/\/api.w.org\/{rel}","templated":true}]}}