{"id":631,"date":"2015-04-23T06:10:49","date_gmt":"2015-04-23T06:10:49","guid":{"rendered":"http:\/\/piekarska.com.pl\/?page_id=631"},"modified":"2015-06-28T12:19:43","modified_gmt":"2015-06-28T12:19:43","slug":"felietony-syrenki","status":"publish","type":"page","link":"http:\/\/piekarska.com.pl\/?page_id=631","title":{"rendered":"Felietony Syrenki"},"content":{"rendered":"<p>pl.regionalne.warszawa to by\u0142a (a mo\u017ce i jest?) internetowa grupa dyskusyjna maj\u0105ca na celu popularyzacje warszawy w internecie. O ile na grupie dyskusyjnej w usenecie grupowicze czasem odbiega\u0142y od warszawskich temat\u00f3w, o tyle na internetowej stronie za\u0142o\u017conej przez grupowocz\u00f3w, a znajduj\u0105cej si\u0119 pod adresem:\u00a0<a href=\"http:\/\/www.prw.waw.pl\/\" target=\"_blank\">http:\/\/www.prw.waw.pl<\/a> wszystko by\u0142o\u00a0zwi\u0105zane z syrenim grodem. Co jaki\u015b czas grupowicze &#8222;produkowali&#8221;\u00a0biuletyn zwany nieregularnikiem. By\u0142em jego redaktorem czyli nadipodg\u0142ownodowodz\u0105cymgenera\u0142sier\u017cantem. Tam\u017ce pisywa\u0142am &#8222;Felietony syrenki (z ma\u0142ym biustem)&#8221;.<\/p>\n<ul>\n<li><a href=\"http:\/\/piekarska.com.pl\/?page_id=633\">Kac Bonifaca, czyli \u2026czy o dzisiejszych budowlach powstan\u0105 legendy?<\/a><\/li>\n<li><a href=\"http:\/\/piekarska.com.pl\/?page_id=635\">Warszawiak \u2013 rowerzysta<\/a><\/li>\n<\/ul>\n","protected":false},"excerpt":{"rendered":"<p>pl.regionalne.warszawa to by\u0142a (a mo\u017ce i jest?) internetowa grupa dyskusyjna maj\u0105ca na celu popularyzacje warszawy w internecie. O ile na grupie dyskusyjnej w usenecie grupowicze czasem odbiega\u0142y od warszawskich temat\u00f3w, o tyle na internetowej stronie za\u0142o\u017conej przez grupowocz\u00f3w, a znajduj\u0105cej &hellip; <a href=\"http:\/\/piekarska.com.pl\/?page_id=631\">Continue reading <span class=\"meta-nav\">&rarr;<\/span><\/a><\/p>\n","protected":false},"author":1,"featured_media":0,"parent":629,"menu_order":0,"comment_status":"closed","ping_status":"open","template":"","meta":{"_acf_changed":false,"footnotes":""},"class_list":["post-631","page","type-page","status-publish","hentry"],"acf":[],"_links":{"self":[{"href":"http:\/\/piekarska.com.pl\/index.php?rest_route=\/wp\/v2\/pages\/631","targetHints":{"allow":["GET"]}}],"collection":[{"href":"http:\/\/piekarska.com.pl\/index.php?rest_route=\/wp\/v2\/pages"}],"about":[{"href":"http:\/\/piekarska.com.pl\/index.php?rest_route=\/wp\/v2\/types\/page"}],"author":[{"embeddable":true,"href":"http:\/\/piekarska.com.pl\/index.php?rest_route=\/wp\/v2\/users\/1"}],"replies":[{"embeddable":true,"href":"http:\/\/piekarska.com.pl\/index.php?rest_route=%2Fwp%2Fv2%2Fcomments&post=631"}],"version-history":[{"count":3,"href":"http:\/\/piekarska.com.pl\/index.php?rest_route=\/wp\/v2\/pages\/631\/revisions"}],"predecessor-version":[{"id":4579,"href":"http:\/\/piekarska.com.pl\/index.php?rest_route=\/wp\/v2\/pages\/631\/revisions\/4579"}],"up":[{"embeddable":true,"href":"http:\/\/piekarska.com.pl\/index.php?rest_route=\/wp\/v2\/pages\/629"}],"wp:attachment":[{"href":"http:\/\/piekarska.com.pl\/index.php?rest_route=%2Fwp%2Fv2%2Fmedia&parent=631"}],"curies":[{"name":"wp","href":"https:\/\/api.w.org\/{rel}","templated":true}]}}