{"id":653,"date":"2015-04-23T06:36:33","date_gmt":"2015-04-23T06:36:33","guid":{"rendered":"http:\/\/piekarska.com.pl\/?page_id=653"},"modified":"2015-04-23T06:36:49","modified_gmt":"2015-04-23T06:36:49","slug":"653-2","status":"publish","type":"page","link":"http:\/\/piekarska.com.pl\/?page_id=653","title":{"rendered":"Stary, bo stary, ale m\u0105\u017c!"},"content":{"rendered":"<p>Czasem wydaje mi si\u0119, \u017ce jedynym celem polskiej studentki jest znale\u017a\u0107 m\u0119\u017ca. Sp\u00f3jrzmy na przyk\u0142ad na tak\u0105 Agat\u0119. Przysz\u0142a do telewizji na praktyki. Podejrze\u0107 prac\u0119 medi\u00f3w od kuchni. Chcia\u0142a tu by\u0107 na chwil\u0119. Wzbogaci\u0107 si\u0119. Tak m\u00f3wi\u0142a podczas wst\u0119pnych rozm\u00f3w. Dosta\u0142a pierwsze zadanie. Go\u015bcia zaproszonego do studia na rozmow\u0119 ma zaprowadzi\u0107 do charakteryzatorni i przyprowadzi\u0107 z powrotem do studia. Czas mija, a tu ani go\u015bcia, ani Agaty. Zbiegam do charakteryzatorni. Na fotelu przed lustrem siedzi\u2026 Agata. Go\u015b\u0107 dawno ucharakteryzowany czeka i przegl\u0105da gazet\u0119. Cho\u0107 tam na g\u00f3rze prowadz\u0105cy program w\u0142a\u015bnie dostaje sza\u0142u i ma zamiar za\u0142atwi\u0107 powolnej charakteryzatorce je\u015bli nie zwolnienie z pracy to nagan\u0119.<\/p>\n<p>\u2013 Co ty u diab\u0142a robisz na fotelu? \u2013 pytam Agat\u0119.<\/p>\n<p>\u2013 A bo wiesz\u2026 mam troch\u0119 pryszczy i nie spa\u0142am zbyt dobrze, a tam na g\u00f3rze ludzie, m\u0119\u017cczy\u017ani\u2026 rozumiesz.<\/p>\n<p>R\u0119ce mi opadaj\u0105. Nawet nie chce mi si\u0119 ju\u017c nic m\u00f3wi\u0107. Ja my\u015bla\u0142am, \u017ce Agata przysz\u0142a tu do pracy, a ona idzie podrywa\u0107 m\u0119\u017cczyzn, kt\u00f3rzy przyszli do studia na t\u0119 rozmow\u0119. \u201eJaki\u015b absurd\u201d \u2013 my\u015bl\u0119. Ale\u2026 Agata nie jest jedyna.<\/p>\n<p>Ka\u015bka, kt\u00f3ra jest na pi\u0105tym roku studi\u00f3w i dorabia sobie u nas jako reporter\u2026 w\u0142a\u015bnie zerwa\u0142a z facetem. Ona chcia\u0142a by to by\u0142 jej m\u0105\u017c, ale on\u2026 dwukrotny rozwodnik chcia\u0142 jedynie mie\u0107 fajn\u0105 dup\u0119. Nie wysz\u0142o. Wprawdzie sto razy wszyscy m\u00f3wili jej, by sobie da\u0142a spok\u00f3j, bo facet i tak ma na kogo p\u0142aci\u0107 alimenty, ale Ka\u015bka by\u0142a uparta. Zagi\u0119\u0142a parol i klapki z oczu spad\u0142y jej dopiero po dw\u00f3ch latach. Innymi s\u0142owy po\u0142ow\u0119 studi\u00f3w sp\u0119dzi\u0142a na uganianiu si\u0119 za przechodzonym go\u015bciem, kt\u00f3rego na ko\u0144cu sama porzuci\u0142a. Teraz za\u0142amana j\u0119czy i&#8230; strzela oczami za ka\u017cdym \u015bwie\u017co poznanym kolesiem. A gdy je\u017adzi si\u0119 na zdj\u0119cia z kamer\u0105 jest kogo poznawa\u0107. Co chwila z kim\u015b si\u0119 umawia, a potem zdaje relacje, \u017ce to falstart.<\/p>\n<p>Ludmi\u0142a pracowa\u0142a u nas rok. Po p\u00f3\u0142 roku nawi\u0105za\u0142a romans z \u017conatym koleg\u0105. Gdy nie uda\u0142o jej si\u0119 zmusi\u0107 go do porzucenia rodziny strzeli\u0142a w pysk, poinformowa\u0142a ca\u0142\u0105 redakcj\u0119, ze zarazi\u0142 j\u0105 paskudn\u0105 chorob\u0105 i wyjecha\u0142a za granic\u0119. Chyba wierz\u0105c, \u017ce tam s\u0105 wi\u0119ksze szanse na znalezienie ch\u0142opa.<\/p>\n<p>Ostatnio wywi\u0105za\u0142a si\u0119 rozmowa na temat r\u00f3\u017cnic wieku par. Ja, jako ten stary potw\u00f3r, kt\u00f3ry usidli\u0142 sze\u015b\u0107 lat m\u0142odszego faceta m\u00f3wi\u0119, \u017ce wiek ma znaczenie wtedy, gdy r\u00f3\u017cnica jest wi\u0119ksza ni\u017c dekada. Ale\u2026 jest w\u015br\u00f3d nas par\u0119 dziewczyn, kt\u00f3re maj\u0105 m\u0119\u017c\u00f3w o wiele, wiele starszych. I w\u0142a\u015bnie taki zwi\u0105zek komentuje Ka\u015bka.<\/p>\n<p>\u2013\u00a0 Ciekawe jak wygl\u0105da ma\u0142\u017ce\u0144stwo Elki. Ile ma ten jej m\u0105\u017c?<\/p>\n<p>M\u00f3wi\u0119, \u017ce sze\u015b\u0107dziesi\u0105t pi\u0119\u0107.<\/p>\n<p>\u2013 Co mo\u017cna robi\u0107 z sze\u015b\u0107dziesi\u0119ciopi\u0119cioletnim facetem? \u2013 zastanawia si\u0119 Ka\u015bka.<\/p>\n<p>\u2013 Co masz na my\u015bli? \u2013 spyta\u0142am.<\/p>\n<p>\u2013 Czy mo\u017cna z nim uprawia\u0107 seks? W ko\u0144cu Elka nie ma dzieci.<\/p>\n<p>\u2013 S\u0142uchaj, \u2013 m\u00f3wi\u0119, \u2013 \u017ce na dachu szron to nie znaczy, \u017ce w kominie wygas\u0142o. A Anthony Queen? A Pavarotti? Maj\u0105 dzieci. Daj spok\u00f3j. Nie masz innych problem\u00f3w?<\/p>\n<p>I wtedy Ka\u015bka sm\u0119tnym g\u0142osem m\u00f3wi:<\/p>\n<p>\u2013 Fakt. Ten m\u0105\u017c mo\u017ce i stary, ale m\u0105\u017c\u2026<\/p>\n<p>\u201eO! Rany! \u2013 my\u015bl\u0119. \u2013 Czy tak jest tylko w Polsce? Czy gdzie\u015b na \u015bwiecie istniej\u0105 jeszcze dziewczyny, dla kt\u00f3rych zdobycie m\u0119\u017ca nie jest celem w \u017cyciu?<\/p>\n<p>I jakby w odpowiedzi na moje ciche pytanie w redakcji pojawi\u0142a si\u0119 Marcjanna. Cudowna, pi\u0119kna, inteligentna, zgrabna, bystra! Och! Nie ogl\u0105da si\u0119 za facetami. Olewa podrywaj\u0105cych j\u0105 koleg\u00f3w. Nie strzela oczami za redakcyjnymi przystojniakami, kt\u00f3rzy dziwi\u0105 si\u0119, \u017ce taka pi\u0119kna i weso\u0142a nie jest zainteresowana nawet kaw\u0105 w ich towarzystwie. \u201ePewnie lesbijka\u201d \u2013 szepce jeden z operator\u00f3w.<\/p>\n<p>Jasny gwint! A wi\u0119c jest na tym \u015bwiecie pi\u0119kna i m\u0142oda Polka,\u00a0 kt\u00f3ra nie szuka m\u0119\u017ca. Idziemy razem na obiad. Rozmawiamy o pracy, \u017cyciu, planach jej, planach moich, cho\u0107 mnie w por\u00f3wnaniu z Marcjann\u0105 bli\u017cej ju\u017c grobka ni\u017c \u017c\u0142obka. I nagle dzwoni jej kom\u00f3rka.<\/p>\n<p>\u2013 Dobrze\u2026 Tak\u2026 Aha. Zupa jest w rondelku w lod\u00f3wce. Pa.<\/p>\n<p>Chyba zamieni\u0142am si\u0119 w jeden wielki znak zapytania, bo Marcjanna spojrzawszy na mnie m\u00f3wi.<\/p>\n<p>\u2013 Przepraszam. Ale wiesz\u2026 to dzwoni\u0142 m\u00f3j m\u0105\u017c.<\/p>\n<p>\u201eRany! To straszne \u2013 my\u015bl\u0119. \u2013 Marcjanna nie szuka m\u0119\u017ca tylko dlatego, \u017ce\u2026 ju\u017c ma. Ciekawe jaka by by\u0142a, gdyby nie mia\u0142a?\u201d<\/p>\n<p>lipiec 2005<\/p>\n","protected":false},"excerpt":{"rendered":"<p>Czasem wydaje mi si\u0119, \u017ce jedynym celem polskiej studentki jest znale\u017a\u0107 m\u0119\u017ca. Sp\u00f3jrzmy na przyk\u0142ad na tak\u0105 Agat\u0119. Przysz\u0142a do telewizji na praktyki. Podejrze\u0107 prac\u0119 medi\u00f3w od kuchni. Chcia\u0142a tu by\u0107 na chwil\u0119. Wzbogaci\u0107 si\u0119. Tak m\u00f3wi\u0142a podczas wst\u0119pnych rozm\u00f3w. &hellip; <a href=\"http:\/\/piekarska.com.pl\/?page_id=653\">Continue reading <span class=\"meta-nav\">&rarr;<\/span><\/a><\/p>\n","protected":false},"author":1,"featured_media":0,"parent":637,"menu_order":6,"comment_status":"closed","ping_status":"open","template":"","meta":{"_acf_changed":false,"footnotes":""},"class_list":["post-653","page","type-page","status-publish","hentry"],"acf":[],"_links":{"self":[{"href":"http:\/\/piekarska.com.pl\/index.php?rest_route=\/wp\/v2\/pages\/653","targetHints":{"allow":["GET"]}}],"collection":[{"href":"http:\/\/piekarska.com.pl\/index.php?rest_route=\/wp\/v2\/pages"}],"about":[{"href":"http:\/\/piekarska.com.pl\/index.php?rest_route=\/wp\/v2\/types\/page"}],"author":[{"embeddable":true,"href":"http:\/\/piekarska.com.pl\/index.php?rest_route=\/wp\/v2\/users\/1"}],"replies":[{"embeddable":true,"href":"http:\/\/piekarska.com.pl\/index.php?rest_route=%2Fwp%2Fv2%2Fcomments&post=653"}],"version-history":[{"count":2,"href":"http:\/\/piekarska.com.pl\/index.php?rest_route=\/wp\/v2\/pages\/653\/revisions"}],"predecessor-version":[{"id":655,"href":"http:\/\/piekarska.com.pl\/index.php?rest_route=\/wp\/v2\/pages\/653\/revisions\/655"}],"up":[{"embeddable":true,"href":"http:\/\/piekarska.com.pl\/index.php?rest_route=\/wp\/v2\/pages\/637"}],"wp:attachment":[{"href":"http:\/\/piekarska.com.pl\/index.php?rest_route=%2Fwp%2Fv2%2Fmedia&parent=653"}],"curies":[{"name":"wp","href":"https:\/\/api.w.org\/{rel}","templated":true}]}}