{"id":775,"date":"2015-04-23T10:57:51","date_gmt":"2015-04-23T10:57:51","guid":{"rendered":"http:\/\/piekarska.com.pl\/?page_id=775"},"modified":"2015-04-26T13:34:43","modified_gmt":"2015-04-26T13:34:43","slug":"recenzja-z-biblioteki-analiz","status":"publish","type":"page","link":"http:\/\/piekarska.com.pl\/?page_id=775","title":{"rendered":"Recenzja z Biblioteki Analiz"},"content":{"rendered":"<p><a href=\"http:\/\/piekarska.com.pl\/wp-content\/uploads\/2015\/04\/okladkatropi.jpg\"><img loading=\"lazy\" decoding=\"async\" class=\"alignleft size-medium wp-image-175\" src=\"http:\/\/piekarska.com.pl\/wp-content\/uploads\/2015\/04\/okladkatropi-224x300.jpg\" alt=\"okladkatropi\" width=\"224\" height=\"300\" srcset=\"http:\/\/piekarska.com.pl\/wp-content\/uploads\/2015\/04\/okladkatropi-224x300.jpg 224w, http:\/\/piekarska.com.pl\/wp-content\/uploads\/2015\/04\/okladkatropi-112x150.jpg 112w, http:\/\/piekarska.com.pl\/wp-content\/uploads\/2015\/04\/okladkatropi.jpg 613w\" sizes=\"auto, (max-width: 224px) 100vw, 224px\" \/><\/a>Cho\u0107 opracowanie graficzne nie zach\u0119ca do wzi\u0119cia ksi\u0105\u017cki do r\u0105k, tre\u015b\u0107 mo\u017ce mi\u0142o zaskoczy\u0107. &#8222;Tropiciele&#8221; to sprawnie napisana przygodowo-detektywistyczna powie\u015b\u0107 dla starszych dzieci. rzecz dzieje si\u0119 na warszawskiej Saskiej K\u0119pie. Wartka akcja i \u017cywe dialogi (cho\u0107 do s\u0142ownictwa bohater\u00f3w mo\u017cna mie\u0107 zastrze\u017cenia &#8211; ciagle bowiem mo\u017ce wzbudza\u0107 niesmak, gdy w ksi\u0105\u017ckach dla m\u0142odych ludzi u\u017cywa si\u0119 s\u0142\u00f3w takich jak &#8222;ku\u017awa&#8221; albo &#8222;zarypi\u015bcie&#8221;) wprowadzaj\u0105 czytelnika w \u015bwiat historycznej zagadki maj\u0105cej sw\u00f3j pocz\u0105tek jeszcze przed druga wojn\u0105 \u015bwiatow\u0105, a dotycz\u0105cej klejnot\u00f3w prababki g\u0142\u00f3wnego bohatera. Wskaz\u00f3wki rozwi\u0105zania zagadki i odnalezienia skarbu znajduj\u0105 si\u0119 na poczt\u00f3wkach przedwojennego malarza. Zast\u0119p harcerski &#8222;Tropiciele&#8221; wkracza do akcji&#8230;<\/p>\n<p><em>KF<br \/>\nBiblioteka Analiz, nr 8\/2006<\/em><\/p>\n","protected":false},"excerpt":{"rendered":"<p>Cho\u0107 opracowanie graficzne nie zach\u0119ca do wzi\u0119cia ksi\u0105\u017cki do r\u0105k, tre\u015b\u0107 mo\u017ce mi\u0142o zaskoczy\u0107. &#8222;Tropiciele&#8221; to sprawnie napisana przygodowo-detektywistyczna powie\u015b\u0107 dla starszych dzieci. rzecz dzieje si\u0119 na warszawskiej Saskiej K\u0119pie. Wartka akcja i \u017cywe dialogi (cho\u0107 do s\u0142ownictwa bohater\u00f3w mo\u017cna &hellip; <a href=\"http:\/\/piekarska.com.pl\/?page_id=775\">Continue reading <span class=\"meta-nav\">&rarr;<\/span><\/a><\/p>\n","protected":false},"author":1,"featured_media":0,"parent":1937,"menu_order":0,"comment_status":"closed","ping_status":"open","template":"","meta":{"_acf_changed":false,"footnotes":""},"class_list":["post-775","page","type-page","status-publish","hentry"],"acf":[],"_links":{"self":[{"href":"http:\/\/piekarska.com.pl\/index.php?rest_route=\/wp\/v2\/pages\/775","targetHints":{"allow":["GET"]}}],"collection":[{"href":"http:\/\/piekarska.com.pl\/index.php?rest_route=\/wp\/v2\/pages"}],"about":[{"href":"http:\/\/piekarska.com.pl\/index.php?rest_route=\/wp\/v2\/types\/page"}],"author":[{"embeddable":true,"href":"http:\/\/piekarska.com.pl\/index.php?rest_route=\/wp\/v2\/users\/1"}],"replies":[{"embeddable":true,"href":"http:\/\/piekarska.com.pl\/index.php?rest_route=%2Fwp%2Fv2%2Fcomments&post=775"}],"version-history":[{"count":2,"href":"http:\/\/piekarska.com.pl\/index.php?rest_route=\/wp\/v2\/pages\/775\/revisions"}],"predecessor-version":[{"id":1940,"href":"http:\/\/piekarska.com.pl\/index.php?rest_route=\/wp\/v2\/pages\/775\/revisions\/1940"}],"up":[{"embeddable":true,"href":"http:\/\/piekarska.com.pl\/index.php?rest_route=\/wp\/v2\/pages\/1937"}],"wp:attachment":[{"href":"http:\/\/piekarska.com.pl\/index.php?rest_route=%2Fwp%2Fv2%2Fmedia&parent=775"}],"curies":[{"name":"wp","href":"https:\/\/api.w.org\/{rel}","templated":true}]}}