{"id":77899,"date":"2026-01-06T10:52:47","date_gmt":"2026-01-06T09:52:47","guid":{"rendered":"http:\/\/piekarska.com.pl\/?page_id=77899"},"modified":"2026-02-12T18:42:37","modified_gmt":"2026-02-12T17:42:37","slug":"2026-2","status":"publish","type":"page","link":"http:\/\/piekarska.com.pl\/?page_id=77899","title":{"rendered":"2026"},"content":{"rendered":"\n<p>jako go\u015b\u0107 w Radiu dla Ciebie wraz z dr Krzysztofem B\u0105ka\u0142\u0105 zapraszamy na &#8222;Genealogi\u0119 na Cytadeli&#8221;.<\/p>\n\n\n\n<p><a href=\"https:\/\/rdc.pl\/podcast\/poludnie-z-animuszem_mwfykaw8n302rrpmsybz?episode=RJa6yIxlGIjkN0vgK9wO\">https:\/\/rdc.pl\/podcast\/poludnie-z-animuszem_mwfykaw8n302rrpmsybz?episode=RJa6yIxlGIjkN0vgK9wO<\/a><\/p>\n\n\n\n<p>jako go\u015b\u0107 w Radiu dla Ciebie opowiadam o cyklu spotka\u0144 pt. &#8222;Wiersze na Cytadeli&#8221;.<\/p>\n\n\n\n<p><a href=\"https:\/\/rdc.pl\/podcast\/poludnie-z-animuszem_mwfykaw8n302rrpmsybz?episode=RJa6yIxlGIjkN0vgK9wO\">https:\/\/rdc.pl\/podcast\/poludnie-z-animuszem_mwfykaw8n302rrpmsybz?episode=RJa6yIxlGIjkN0vgK9wO<\/a><\/p>\n\n\n\n<p>Wywiad na portalu Warszawa.pl<\/p>\n\n\n\n<figure class=\"wp-block-embed is-type-wp-embed is-provider-warszawa-pl wp-block-embed-warszawa-pl\"><div class=\"wp-block-embed__wrapper\">\n<blockquote class=\"wp-embedded-content\" data-secret=\"6XkXnhFIzH\"><a href=\"https:\/\/www.warszawa.pl\/drzewo-maurycego-rozmowa-z-autorka-powiesci\/\">Drzewo Maurycego \u2013 rozmowa z autork\u0105<\/a><\/blockquote><iframe loading=\"lazy\" class=\"wp-embedded-content\" sandbox=\"allow-scripts\" security=\"restricted\" style=\"position: absolute; visibility: hidden;\" title=\"&#8222;Drzewo Maurycego \u2013 rozmowa z autork\u0105&#8221; &#8212; Warszawa.pl\" src=\"https:\/\/www.warszawa.pl\/drzewo-maurycego-rozmowa-z-autorka-powiesci\/embed\/#?secret=XKitcXUafy#?secret=6XkXnhFIzH\" data-secret=\"6XkXnhFIzH\" width=\"600\" height=\"338\" frameborder=\"0\" marginwidth=\"0\" marginheight=\"0\" scrolling=\"no\"><\/iframe>\n<\/div><\/figure>\n\n\n\n<p>informacja na portalu Agencja Informacyjna<\/p>\n\n\n\n<figure class=\"wp-block-embed is-type-wp-embed is-provider-agencja-informacyjna wp-block-embed-agencja-informacyjna\"><div class=\"wp-block-embed__wrapper\">\n<blockquote class=\"wp-embedded-content\" data-secret=\"PDmTOk78e6\"><a href=\"https:\/\/agencja-informacyjna.com\/malgorzata-karolina-piekarska-drzewo-maurycego\/\">Ma\u0142gorzata Karolina Piekarska wyda\u0142a now\u0105 ksi\u0105\u017ck\u0119: \u201eDrzewo Maurycego\u201d<\/a><\/blockquote><iframe loading=\"lazy\" class=\"wp-embedded-content\" sandbox=\"allow-scripts\" security=\"restricted\" style=\"position: absolute; visibility: hidden;\" title=\"&#8222;Ma\u0142gorzata Karolina Piekarska wyda\u0142a now\u0105 ksi\u0105\u017ck\u0119: \u201eDrzewo Maurycego\u201d&#8221; &#8212; Agencja Informacyjna \" src=\"https:\/\/agencja-informacyjna.com\/malgorzata-karolina-piekarska-drzewo-maurycego\/embed\/#?secret=8S9QlmA3g9#?secret=PDmTOk78e6\" data-secret=\"PDmTOk78e6\" width=\"600\" height=\"338\" frameborder=\"0\" marginwidth=\"0\" marginheight=\"0\" scrolling=\"no\"><\/iframe>\n<\/div><\/figure>\n","protected":false},"excerpt":{"rendered":"<p>jako go\u015b\u0107 w Radiu dla Ciebie wraz z dr Krzysztofem B\u0105ka\u0142\u0105 zapraszamy na &#8222;Genealogi\u0119 na Cytadeli&#8221;. https:\/\/rdc.pl\/podcast\/poludnie-z-animuszem_mwfykaw8n302rrpmsybz?episode=RJa6yIxlGIjkN0vgK9wO jako go\u015b\u0107 w Radiu dla Ciebie opowiadam o cyklu spotka\u0144 pt. &#8222;Wiersze na Cytadeli&#8221;. https:\/\/rdc.pl\/podcast\/poludnie-z-animuszem_mwfykaw8n302rrpmsybz?episode=RJa6yIxlGIjkN0vgK9wO Wywiad na portalu Warszawa.pl informacja na portalu Agencja &hellip; <a href=\"http:\/\/piekarska.com.pl\/?page_id=77899\">Continue reading <span class=\"meta-nav\">&rarr;<\/span><\/a><\/p>\n","protected":false},"author":1,"featured_media":0,"parent":334,"menu_order":0,"comment_status":"closed","ping_status":"closed","template":"","meta":{"_acf_changed":false,"footnotes":""},"class_list":["post-77899","page","type-page","status-publish","hentry"],"acf":[],"_links":{"self":[{"href":"http:\/\/piekarska.com.pl\/index.php?rest_route=\/wp\/v2\/pages\/77899","targetHints":{"allow":["GET"]}}],"collection":[{"href":"http:\/\/piekarska.com.pl\/index.php?rest_route=\/wp\/v2\/pages"}],"about":[{"href":"http:\/\/piekarska.com.pl\/index.php?rest_route=\/wp\/v2\/types\/page"}],"author":[{"embeddable":true,"href":"http:\/\/piekarska.com.pl\/index.php?rest_route=\/wp\/v2\/users\/1"}],"replies":[{"embeddable":true,"href":"http:\/\/piekarska.com.pl\/index.php?rest_route=%2Fwp%2Fv2%2Fcomments&post=77899"}],"version-history":[{"count":5,"href":"http:\/\/piekarska.com.pl\/index.php?rest_route=\/wp\/v2\/pages\/77899\/revisions"}],"predecessor-version":[{"id":77931,"href":"http:\/\/piekarska.com.pl\/index.php?rest_route=\/wp\/v2\/pages\/77899\/revisions\/77931"}],"up":[{"embeddable":true,"href":"http:\/\/piekarska.com.pl\/index.php?rest_route=\/wp\/v2\/pages\/334"}],"wp:attachment":[{"href":"http:\/\/piekarska.com.pl\/index.php?rest_route=%2Fwp%2Fv2%2Fmedia&parent=77899"}],"curies":[{"name":"wp","href":"https:\/\/api.w.org\/{rel}","templated":true}]}}

<p>jako gość w Radiu dla Ciebie wraz z dr Krzysztofem Bąkałą zapraszamy na &#8222;Genealogię na Cytadeli&#8221;.</p>



<p><a href="https://rdc.pl/podcast/poludnie-z-animuszem_mwfykaw8n302rrpmsybz?episode=RJa6yIxlGIjkN0vgK9wO">https://rdc.pl/podcast/poludnie-z-animuszem_mwfykaw8n302rrpmsybz?episode=RJa6yIxlGIjkN0vgK9wO</a></p>



<p>jako gość w Radiu dla Ciebie opowiadam o cyklu spotkań pt. &#8222;Wiersze na Cytadeli&#8221;.</p>



<p><a href="https://rdc.pl/podcast/poludnie-z-animuszem_mwfykaw8n302rrpmsybz?episode=RJa6yIxlGIjkN0vgK9wO">https://rdc.pl/podcast/poludnie-z-animuszem_mwfykaw8n302rrpmsybz?episode=RJa6yIxlGIjkN0vgK9wO</a></p>



<p>Wywiad na portalu Warszawa.pl</p>



<figure class="wp-block-embed is-type-wp-embed is-provider-warszawa-pl wp-block-embed-warszawa-pl"><div class="wp-block-embed__wrapper">
<blockquote class="wp-embedded-content" data-secret="6XkXnhFIzH"><a href="https://www.warszawa.pl/drzewo-maurycego-rozmowa-z-autorka-powiesci/">Drzewo Maurycego – rozmowa z autorką</a></blockquote><iframe loading="lazy" class="wp-embedded-content" sandbox="allow-scripts" security="restricted" style="position: absolute; visibility: hidden;" title="&#8222;Drzewo Maurycego – rozmowa z autorką&#8221; &#8212; Warszawa.pl" src="https://www.warszawa.pl/drzewo-maurycego-rozmowa-z-autorka-powiesci/embed/#?secret=XKitcXUafy#?secret=6XkXnhFIzH" data-secret="6XkXnhFIzH" width="600" height="338" frameborder="0" marginwidth="0" marginheight="0" scrolling="no"></iframe>
</div></figure>



<p>informacja na portalu Agencja Informacyjna</p>



<figure class="wp-block-embed is-type-wp-embed is-provider-agencja-informacyjna wp-block-embed-agencja-informacyjna"><div class="wp-block-embed__wrapper">
<blockquote class="wp-embedded-content" data-secret="PDmTOk78e6"><a href="https://agencja-informacyjna.com/malgorzata-karolina-piekarska-drzewo-maurycego/">Małgorzata Karolina Piekarska wydała nową książkę: „Drzewo Maurycego”</a></blockquote><iframe loading="lazy" class="wp-embedded-content" sandbox="allow-scripts" security="restricted" style="position: absolute; visibility: hidden;" title="&#8222;Małgorzata Karolina Piekarska wydała nową książkę: „Drzewo Maurycego”&#8221; &#8212; Agencja Informacyjna " src="https://agencja-informacyjna.com/malgorzata-karolina-piekarska-drzewo-maurycego/embed/#?secret=8S9QlmA3g9#?secret=PDmTOk78e6" data-secret="PDmTOk78e6" width="600" height="338" frameborder="0" marginwidth="0" marginheight="0" scrolling="no"></iframe>
</div></figure>

<p>jako gość w Radiu dla Ciebie wraz z dr Krzysztofem Bąkałą zapraszamy na &#8222;Genealogię na Cytadeli&#8221;. https://rdc.pl/podcast/poludnie-z-animuszem_mwfykaw8n302rrpmsybz?episode=RJa6yIxlGIjkN0vgK9wO jako gość w Radiu dla Ciebie opowiadam o cyklu spotkań pt. &#8222;Wiersze na Cytadeli&#8221;. https://rdc.pl/podcast/poludnie-z-animuszem_mwfykaw8n302rrpmsybz?episode=RJa6yIxlGIjkN0vgK9wO Wywiad na portalu Warszawa.pl informacja na portalu Agencja &hellip; <a href="http://piekarska.com.pl/?page_id=77899">Continue reading <span class="meta-nav">&rarr;</span></a></p>
