{"id":8700,"date":"2017-12-17T18:42:29","date_gmt":"2017-12-17T17:42:29","guid":{"rendered":"http:\/\/piekarska.com.pl\/?page_id=8700"},"modified":"2017-12-17T18:45:51","modified_gmt":"2017-12-17T17:45:51","slug":"2017-07-10-rotmistrz-witold-pilecki","status":"publish","type":"page","link":"http:\/\/piekarska.com.pl\/?page_id=8700","title":{"rendered":"2017-07-10 &#8211; \u201eRotmistrz Witold Pilecki\u201d"},"content":{"rendered":"<p><strong>Ma\u0142gorzata Str\u0119kowska-Zaremba<\/strong><br \/>\n<strong>\u201eRotmistrz Witold Pilecki\u201d<\/strong><br \/>\n<strong>Wydawnictw RM<\/strong><\/p>\n<p><strong><a href=\"http:\/\/piekarska.com.pl\/wp-content\/uploads\/2017\/12\/witold-pilecki.jpg\"><img loading=\"lazy\" decoding=\"async\" class=\"alignleft wp-image-8701 size-medium\" src=\"http:\/\/piekarska.com.pl\/wp-content\/uploads\/2017\/12\/witold-pilecki-211x300.jpg\" alt=\"\" width=\"211\" height=\"300\" srcset=\"http:\/\/piekarska.com.pl\/wp-content\/uploads\/2017\/12\/witold-pilecki-211x300.jpg 211w, http:\/\/piekarska.com.pl\/wp-content\/uploads\/2017\/12\/witold-pilecki.jpg 492w\" sizes=\"auto, (max-width: 211px) 100vw, 211px\" \/><\/a>Nie s\u0105d\u017amy ksi\u0105\u017cki po ok\u0142adce, czyli jak \u015bwietnie pisa\u0107 o wa\u017cnych tematach<\/strong><\/p>\n<p>Cho\u0107 okropna (jakby to dzi\u015b m\u0142odzie\u017c powiedzia\u0142a \u201emasakryczna\u201d) ok\u0142adka zwiastuje tani patriotyzm wcale tak nie jest. \u201eRotmistrz Witold Pilecki\u201d Ma\u0142gorzaty Str\u0119kowskiej-Zaremby wydany w ramach serii \u201ePolscy superBOHATEROWIE\u201d to ksi\u0105\u017ceczka dla dzieci (7-9 lat) napisana z pomys\u0142em. Po pierwsze jej bohaterami s\u0105 zuchy, a to zawsze zwiastuje przygody, za\u015b ca\u0142o\u015b\u0107 to opowie\u015b\u0107 o tym jak poznaj\u0105 biografi\u0119 patrona szko\u0142y. Sk\u0105d my to znamy? Niemal ka\u017cda szko\u0142a ma patrona, wi\u0119c niemal ka\u017cde dziecko jest od ma\u0142ego zam\u0119czane jego biografi\u0105 podawan\u0105 nie zawsze w spos\u00f3b przyst\u0119pny. Str\u0119kowska-Zaremba, by przybli\u017cy\u0107 najm\u0142odszym biografi\u0119 Witolda Pileckiego si\u0119gn\u0119\u0142a po sprawdzone metody z innych ksi\u0105\u017cek dla dzieci. Po pierwsze po humor. Jej bohaterowie s\u0105 niesforni, wyg\u0142upiaj\u0105 si\u0119 i \u017cartuj\u0105, ale maj\u0105 te\u017c wspania\u0142e pomys\u0142y. C\u00f3\u017c\u2026 najlepsi pedagodzy twierdz\u0105, \u017ce czasem tylko w taki spos\u00f3b mo\u017cna wt\u0142oczy\u0107 do g\u0142owy dziecka warto\u015bciowe informacje. Tu przeplataj\u0105 si\u0119 one z wartko napisan\u0105 histori\u0105, kt\u00f3rej bohaterowie wykonuj\u0105 zadania pog\u0142\u0119biaj\u0105ce ich wiedz\u0119 o patronie. Poznaj\u0105 j\u0105 dzi\u0119ki r\u00f3\u017cnym rekwizytom nadaj\u0105cym zreszt\u0105 przygodom zuch\u00f3w element ba\u015bniowy \u2013 poczt\u00f3wkom, bocianim pi\u00f3rze, kromce chleba czy telefonie. Dowiaduj\u0105 si\u0119 wi\u0119c o tym jak by\u0142 harcerzem, \u017co\u0142nierzem, wi\u0119\u017aniem obozu w O\u015bwi\u0119cimiu i wi\u0119\u017aniem Polski Ludowej, kt\u00f3ra skaza\u0142a go na \u015bmier\u0107, o czym opowiada im grzebyk, kt\u00f3ry rotmistrz mia\u0142 ze sob\u0105 w wi\u0119zieniu na Rakowieckiej. \u201eby\u0142 torturowany z wi\u0119kszym okrucie\u0144stwem ni\u017c w niemieckim obozie \u015bmierci. \u201eO\u015bwi\u0119cim to by\u0142a igraszka\u201d \u2013 powiedzia\u0142. Chowa\u0142 za siebie r\u0119ce, \u017ceby najbli\u017csi nie dostrzegli, \u017ce zerwano mu paznokcie.<\/p>\n<p>&#8211; Nie wierz\u0119 \u2013 wykrzykn\u0119\u0142a R\u00f3\u017cyczka \u2013 tego nie mogli zrobi\u0107 ludzie. Powiedz, \u017ce to trzyg\u0142owe mutanty z kosmosu.\u201d<\/p>\n<p>Jak wyt\u0142umaczy\u0107 dzieciom, \u017ce Pileckiego nie zabili Niemcy, nie zabili Rosjanie a zrobili to rodacy? Str\u0119kowskiej-Zarembie uda\u0142o si\u0119 to w spos\u00f3b perfekcyjny. Jej bohaterowie poznaj\u0105 histori\u0119, a tak\u017ce odkrywaj\u0105c \u017cyciorys Pileckiego wykonuj\u0105 zuchowe zadania, jak np. czyszczenie klatek kr\u00f3liczych, po czym zreszt\u0105 ojciec bohaterki pisze c\u00f3rce usprawiedliwienie: \u201eO\u015bwiadczam, \u017ce od pewnego czasu moja c\u00f3rka R\u00f3\u017ca wykonywa\u0142a tajne zadanie wraz ze Stefkiem z s\u0105siedztwa. Po powrocie z akcji wygl\u0105dali jak czy\u015bciciele szamb i \u015bmierdzieli na odleg\u0142o\u015b\u0107. Uwa\u017cam, \u017ce smr\u00f3d i brud s\u0105 dowodem na sumienne wykonanie zadania. \u2013 Filip B\u0105k\u201d C\u00f3\u017c\u2026 w pisaniu o trudnych tematach potrzebny jest humor inaczej dziecko nie b\u0119dzie chcia\u0142o poleci\u0107 ksi\u0105\u017cki drugiemu. A wszyscy wiedz\u0105, \u017ce w literaturze dzieci\u0119cej najlepsza reklama to ta szeptana z ust dzieci\u0119cych do dzieci\u0119cego ucha. W przypadku tej ksi\u0105\u017cki mo\u017cna by\u0107 o ni\u0105 zupe\u0142nie spokojnym.<\/p>\n<p>Ma\u0142gorzata Karolina Piekarska<\/p>\n","protected":false},"excerpt":{"rendered":"<p>Ma\u0142gorzata Str\u0119kowska-Zaremba \u201eRotmistrz Witold Pilecki\u201d Wydawnictw RM Nie s\u0105d\u017amy ksi\u0105\u017cki po ok\u0142adce, czyli jak \u015bwietnie pisa\u0107 o wa\u017cnych tematach Cho\u0107 okropna (jakby to dzi\u015b m\u0142odzie\u017c powiedzia\u0142a \u201emasakryczna\u201d) ok\u0142adka zwiastuje tani patriotyzm wcale tak nie jest. \u201eRotmistrz Witold Pilecki\u201d Ma\u0142gorzaty Str\u0119kowskiej-Zaremby &hellip; <a href=\"http:\/\/piekarska.com.pl\/?page_id=8700\">Continue reading <span class=\"meta-nav\">&rarr;<\/span><\/a><\/p>\n","protected":false},"author":1,"featured_media":0,"parent":8651,"menu_order":0,"comment_status":"closed","ping_status":"closed","template":"","meta":{"_acf_changed":false,"footnotes":""},"class_list":["post-8700","page","type-page","status-publish","hentry"],"acf":[],"_links":{"self":[{"href":"http:\/\/piekarska.com.pl\/index.php?rest_route=\/wp\/v2\/pages\/8700","targetHints":{"allow":["GET"]}}],"collection":[{"href":"http:\/\/piekarska.com.pl\/index.php?rest_route=\/wp\/v2\/pages"}],"about":[{"href":"http:\/\/piekarska.com.pl\/index.php?rest_route=\/wp\/v2\/types\/page"}],"author":[{"embeddable":true,"href":"http:\/\/piekarska.com.pl\/index.php?rest_route=\/wp\/v2\/users\/1"}],"replies":[{"embeddable":true,"href":"http:\/\/piekarska.com.pl\/index.php?rest_route=%2Fwp%2Fv2%2Fcomments&post=8700"}],"version-history":[{"count":2,"href":"http:\/\/piekarska.com.pl\/index.php?rest_route=\/wp\/v2\/pages\/8700\/revisions"}],"predecessor-version":[{"id":8704,"href":"http:\/\/piekarska.com.pl\/index.php?rest_route=\/wp\/v2\/pages\/8700\/revisions\/8704"}],"up":[{"embeddable":true,"href":"http:\/\/piekarska.com.pl\/index.php?rest_route=\/wp\/v2\/pages\/8651"}],"wp:attachment":[{"href":"http:\/\/piekarska.com.pl\/index.php?rest_route=%2Fwp%2Fv2%2Fmedia&parent=8700"}],"curies":[{"name":"wp","href":"https:\/\/api.w.org\/{rel}","templated":true}]}}