{"id":8705,"date":"2017-12-17T18:49:11","date_gmt":"2017-12-17T17:49:11","guid":{"rendered":"http:\/\/piekarska.com.pl\/?page_id=8705"},"modified":"2017-12-17T18:49:41","modified_gmt":"2017-12-17T17:49:41","slug":"2017-05-08-mysli","status":"publish","type":"page","link":"http:\/\/piekarska.com.pl\/?page_id=8705","title":{"rendered":"2017-05-08 &#8211; \u201eMy\u015bli\u201d"},"content":{"rendered":"<p><strong>Jacek Durski<\/strong><br \/>\n<strong>\u201eMy\u015bli\u201d<\/strong><br \/>\n<strong> Wydawnictwo Norbertinum 2017<\/strong><\/p>\n<p><strong><a href=\"http:\/\/piekarska.com.pl\/wp-content\/uploads\/2017\/12\/durski.jpg\"><img loading=\"lazy\" decoding=\"async\" class=\"alignleft wp-image-8706 size-medium\" src=\"http:\/\/piekarska.com.pl\/wp-content\/uploads\/2017\/12\/durski-178x300.jpg\" alt=\"\" width=\"178\" height=\"300\" srcset=\"http:\/\/piekarska.com.pl\/wp-content\/uploads\/2017\/12\/durski-178x300.jpg 178w, http:\/\/piekarska.com.pl\/wp-content\/uploads\/2017\/12\/durski.jpg 220w\" sizes=\"auto, (max-width: 178px) 100vw, 178px\" \/><\/a>Wreszcie kto\u015b my\u015bli<\/strong><\/p>\n<p>To by\u0142a moja pierwsza refleksja, gdy wzi\u0119\u0142am do r\u0105k tomik Jacka Durskiego\u00a0\u201eMy\u015bli\u201d. I nie by\u0142 to \u017cart czy kpina. Cienka, bo licz\u0105ca zaledwie 45 stron ksi\u0105\u017ceczka, to zbi\u00f3r najg\u0142\u0119bszych przemy\u015ble\u0144 dotycz\u0105cych cz\u0142owieka, \u017cycia, wiary i wielu innych spraw. Tomik zawiera 33 wiersze podzielone na dwie cz\u0119\u015bci, a raczej cykle:\u00a0\u201eMy\u015bli dla ciebie\u201d\u00a0to cykl pierwszy na kt\u00f3ry sk\u0142ada si\u0119 18 wierszy i\u00a0\u201eMy\u015bli dla mnie\u201d\u00a0z 15 wierszami. Co ciekawe ka\u017cdy wiersz ma numerowane linijki, bo nie tylko ka\u017cdy z nich jest my\u015bl\u0105 i zamkni\u0119t\u0105 ca\u0142o\u015bci\u0105, ale jest ni\u0105 te\u017c ka\u017cda linijka. To ksi\u0105\u017cka, do kt\u00f3rej si\u0119 wraca, kt\u00f3r\u0105 mo\u017cna czyta\u0107 bez przerwy i w k\u00f3\u0142ko przez ca\u0142y rok, a nawet i ca\u0142e \u017cycie. Mo\u017cna bowiem nie tylko analizowa\u0107 ka\u017cdy wiersz, ale ka\u017cde pojedyncze zdanie.<br \/>\nPierwszy tydzie\u0144 my\u015bla\u0142am o wierszu\u00a0\u201eMi\u0142o\u015b\u0107\u201d, potem o wierszu\u00a0\u201eB\u00f3g\u201d ostatnio o wierszu\u00a0\u201eCie\u0144\u201d. Ale pewne za jaki\u015b czas wr\u00f3c\u0119 do poprzednich, kt\u00f3re ju\u017c przemy\u015bla\u0142am i zaczn\u0119 swoje intyn\u0119 rozwa\u017cania z poezj\u0105 Durskiego od nowa. Czy dojd\u0119 do takich samych wniosk\u00f3w? W\u0105tpliwie. I to jest si\u0142a tego niepozornego tomiku, o kt\u00f3rym czego si\u0119 nie napisze b\u0119dzie bana\u0142em, a nie wolno tego robi\u0107 wobec dzie\u0142a, kt\u00f3re sk\u0142ada si\u0119 z zupe\u0142nie niebanalnych wierszy.<\/p>\n<p>Ma\u0142gorzata Karolina Piekarska<\/p>\n","protected":false},"excerpt":{"rendered":"<p>Jacek Durski \u201eMy\u015bli\u201d Wydawnictwo Norbertinum 2017 Wreszcie kto\u015b my\u015bli To by\u0142a moja pierwsza refleksja, gdy wzi\u0119\u0142am do r\u0105k tomik Jacka Durskiego\u00a0\u201eMy\u015bli\u201d. I nie by\u0142 to \u017cart czy kpina. Cienka, bo licz\u0105ca zaledwie 45 stron ksi\u0105\u017ceczka, to zbi\u00f3r najg\u0142\u0119bszych przemy\u015ble\u0144 dotycz\u0105cych &hellip; <a href=\"http:\/\/piekarska.com.pl\/?page_id=8705\">Continue reading <span class=\"meta-nav\">&rarr;<\/span><\/a><\/p>\n","protected":false},"author":1,"featured_media":0,"parent":8651,"menu_order":0,"comment_status":"closed","ping_status":"closed","template":"","meta":{"_acf_changed":false,"footnotes":""},"class_list":["post-8705","page","type-page","status-publish","hentry"],"acf":[],"_links":{"self":[{"href":"http:\/\/piekarska.com.pl\/index.php?rest_route=\/wp\/v2\/pages\/8705","targetHints":{"allow":["GET"]}}],"collection":[{"href":"http:\/\/piekarska.com.pl\/index.php?rest_route=\/wp\/v2\/pages"}],"about":[{"href":"http:\/\/piekarska.com.pl\/index.php?rest_route=\/wp\/v2\/types\/page"}],"author":[{"embeddable":true,"href":"http:\/\/piekarska.com.pl\/index.php?rest_route=\/wp\/v2\/users\/1"}],"replies":[{"embeddable":true,"href":"http:\/\/piekarska.com.pl\/index.php?rest_route=%2Fwp%2Fv2%2Fcomments&post=8705"}],"version-history":[{"count":1,"href":"http:\/\/piekarska.com.pl\/index.php?rest_route=\/wp\/v2\/pages\/8705\/revisions"}],"predecessor-version":[{"id":8707,"href":"http:\/\/piekarska.com.pl\/index.php?rest_route=\/wp\/v2\/pages\/8705\/revisions\/8707"}],"up":[{"embeddable":true,"href":"http:\/\/piekarska.com.pl\/index.php?rest_route=\/wp\/v2\/pages\/8651"}],"wp:attachment":[{"href":"http:\/\/piekarska.com.pl\/index.php?rest_route=%2Fwp%2Fv2%2Fmedia&parent=8705"}],"curies":[{"name":"wp","href":"https:\/\/api.w.org\/{rel}","templated":true}]}}

2017-05-08 &#8211; „Myśli”

<p><strong>Jacek Durski</strong><br />
<strong>„Myśli”</strong><br />
<strong> Wydawnictwo Norbertinum 2017</strong></p>
<p><strong><a href="http://piekarska.com.pl/wp-content/uploads/2017/12/durski.jpg"><img loading="lazy" decoding="async" class="alignleft wp-image-8706 size-medium" src="http://piekarska.com.pl/wp-content/uploads/2017/12/durski-178x300.jpg" alt="" width="178" height="300" srcset="http://piekarska.com.pl/wp-content/uploads/2017/12/durski-178x300.jpg 178w, http://piekarska.com.pl/wp-content/uploads/2017/12/durski.jpg 220w" sizes="auto, (max-width: 178px) 100vw, 178px" /></a>Wreszcie ktoś myśli</strong></p>
<p>To była moja pierwsza refleksja, gdy wzięłam do rąk tomik Jacka Durskiego „Myśli”. I nie był to żart czy kpina. Cienka, bo licząca zaledwie 45 stron książeczka, to zbiór najgłębszych przemyśleń dotyczących człowieka, życia, wiary i wielu innych spraw. Tomik zawiera 33 wiersze podzielone na dwie części, a raczej cykle: „Myśli dla ciebie” to cykl pierwszy na który składa się 18 wierszy i „Myśli dla mnie” z 15 wierszami. Co ciekawe każdy wiersz ma numerowane linijki, bo nie tylko każdy z nich jest myślą i zamkniętą całością, ale jest nią też każda linijka. To książka, do której się wraca, którą można czytać bez przerwy i w kółko przez cały rok, a nawet i całe życie. Można bowiem nie tylko analizować każdy wiersz, ale każde pojedyncze zdanie.<br />
Pierwszy tydzień myślałam o wierszu „Miłość”, potem o wierszu „Bóg” ostatnio o wierszu „Cień”. Ale pewne za jakiś czas wrócę do poprzednich, które już przemyślałam i zacznę swoje intynę rozważania z poezją Durskiego od nowa. Czy dojdę do takich samych wniosków? Wątpliwie. I to jest siła tego niepozornego tomiku, o którym czego się nie napisze będzie banałem, a nie wolno tego robić wobec dzieła, które składa się z zupełnie niebanalnych wierszy.</p>
<p>Małgorzata Karolina Piekarska</p>

<p>Jacek Durski „Myśli” Wydawnictwo Norbertinum 2017 Wreszcie ktoś myśli To była moja pierwsza refleksja, gdy wzięłam do rąk tomik Jacka Durskiego „Myśli”. I nie był to żart czy kpina. Cienka, bo licząca zaledwie 45 stron książeczka, to zbiór najgłębszych przemyśleń dotyczących &hellip; <a href="http://piekarska.com.pl/?page_id=8705">Continue reading <span class="meta-nav">&rarr;</span></a></p>
