{"id":948,"date":"2015-04-24T07:21:46","date_gmt":"2015-04-24T07:21:46","guid":{"rendered":"http:\/\/piekarska.com.pl\/?page_id=948"},"modified":"2015-04-26T16:56:37","modified_gmt":"2015-04-26T16:56:37","slug":"recenzja-z-nowych-ksiazek-klasa-pani-czajki","status":"publish","type":"page","link":"http:\/\/piekarska.com.pl\/?page_id=948","title":{"rendered":"Recenzja z Nowych Ksi\u0105\u017cek"},"content":{"rendered":"<p><a href=\"http:\/\/piekarska.com.pl\/wp-content\/uploads\/2015\/04\/Okladka-Czajki.jpg\"><img loading=\"lazy\" decoding=\"async\" class=\"alignleft size-medium wp-image-174\" src=\"http:\/\/piekarska.com.pl\/wp-content\/uploads\/2015\/04\/Okladka-Czajki-212x300.jpg\" alt=\"Okladka-Czajki\" width=\"212\" height=\"300\" srcset=\"http:\/\/piekarska.com.pl\/wp-content\/uploads\/2015\/04\/Okladka-Czajki-212x300.jpg 212w, http:\/\/piekarska.com.pl\/wp-content\/uploads\/2015\/04\/Okladka-Czajki-106x150.jpg 106w, http:\/\/piekarska.com.pl\/wp-content\/uploads\/2015\/04\/Okladka-Czajki.jpg 350w\" sizes=\"auto, (max-width: 212px) 100vw, 212px\" \/><\/a>Bohaterami powie\u015bci Ma\u0142gorzaty Karoliny Piekarskiej s\u0105 warszawscy gimnazjali\u015bci. Najzwyklejsi w \u015bwiecie, co nie znaczy, \u017ce nudni. W ci\u0105gu trzech lat nauki prze\u017cywaj\u0105 m\u0142odzie\u0144cze zawirowania uczuciowe, ucz\u0105 si\u0119 trudnej sztuki akceptacji drugiego cz\u0142owieka &#8211; ze wszystkimi jego wadami &#8211; poznaj\u0105 warto\u015b\u0107 przyja\u017ani. Zmagaj\u0105 si\u0119 z problemami, jakich los nie szcz\u0119dzi przeci\u0119tnym ludziom, wcale ich przy tym nie uwznio\u015blaj\u0105c: choroba nowotworowa matki, brak ojca (nigdy nie chcia\u0142 pozna\u0107 swego syna). Do tego dochodz\u0105 k\u0142opoty finansowe rodzic\u00f3w, kt\u00f3rych dotyka bezrobocie.<br \/>\n&#8222;Klasa pani Czajki&#8221; jest &#8211; co si\u0119 ostatnio rzadko zdarza &#8211; powie\u015bci\u0105 mocno osadzon\u0105 w realiach. Dzieciaki \u015bpiewaj\u0105 piosenk\u0119 z czo\u0142\u00f3wki Klanu, czytaj\u0105 pi\u0105ty tom Harry`ego Pottera, rozmawiaj\u0105 o ksi\u0105\u017ckach Neila Gaimana, korzystaj\u0105 z telefon\u00f3w kom\u00f3rkowych i internetowego gadu-gadu. \u015awiat przedstawiony w powie\u015bci jest dobrze znany dzisiejszym nastolatkom. Cz\u0142owiek lubi porusza\u0107 si\u0119 w przestrzeni rozpoznanej &#8211; daje mu to poczucie bezpiecze\u0144stwa. Dlatego czytelnicy &#8222;Klasy pani Czajki&#8221; b\u0119a zapewne usatysfakcjonowani. W literackich bohaterach maj\u0105 szanse zobaczy\u0107 siebie albo koleg\u00f3w. Mo\u017ce dostrzeg\u0105, \u017ce ich koledzy czasami pokazuj\u0105 mask\u0119, a nie prawdziw\u0105 twarz.<br \/>\nPiekarska prezentuje \u015bwiat o uporz\u0105dkowanym systemie warto\u015bci. Ceni si\u0119 w nim przede wszystkim prawd\u0119, sprawiedliwo\u015b\u0107 i lojalno\u015b\u0107. Nie ma \u017cadnego moralnego relatywizmu. Takie wyraziste oddzielenie bieli od czerni jest m\u0142odym ludziom potrzebne.<br \/>\nPowie\u015b\u0107 firmuje miesi\u0119cznik dla gimnazjalist\u00f3w &#8222;Victor&#8221;. Je\u015bli redakcja popularnego w\u015br\u00f3d uczni\u00f3w periodyku zadba\u0142aby o wydanie kolejnych ksi\u0105\u017cek opowiadaj\u0105cych o wsp\u00f3\u0142czesnej m\u0142odzie\u017cy, to zaistnia\u0142yby czytad\u0142a (w najlepszym tego s\u0142owa znaczeniu) dla nastolatk\u00f3w. Bez czar\u00f3w i fantastyki. St\u0105panie po ziemi te\u017c bywa przydatne.<\/p>\n<p><em>Nowe Ksi\u0105\u017cki 11\/2004<\/em><\/p>\n","protected":false},"excerpt":{"rendered":"<p>Bohaterami powie\u015bci Ma\u0142gorzaty Karoliny Piekarskiej s\u0105 warszawscy gimnazjali\u015bci. Najzwyklejsi w \u015bwiecie, co nie znaczy, \u017ce nudni. W ci\u0105gu trzech lat nauki prze\u017cywaj\u0105 m\u0142odzie\u0144cze zawirowania uczuciowe, ucz\u0105 si\u0119 trudnej sztuki akceptacji drugiego cz\u0142owieka &#8211; ze wszystkimi jego wadami &#8211; poznaj\u0105 warto\u015b\u0107 &hellip; <a href=\"http:\/\/piekarska.com.pl\/?page_id=948\">Continue reading <span class=\"meta-nav\">&rarr;<\/span><\/a><\/p>\n","protected":false},"author":1,"featured_media":0,"parent":1932,"menu_order":0,"comment_status":"closed","ping_status":"closed","template":"","meta":{"_acf_changed":false,"footnotes":""},"class_list":["post-948","page","type-page","status-publish","hentry"],"acf":[],"_links":{"self":[{"href":"http:\/\/piekarska.com.pl\/index.php?rest_route=\/wp\/v2\/pages\/948","targetHints":{"allow":["GET"]}}],"collection":[{"href":"http:\/\/piekarska.com.pl\/index.php?rest_route=\/wp\/v2\/pages"}],"about":[{"href":"http:\/\/piekarska.com.pl\/index.php?rest_route=\/wp\/v2\/types\/page"}],"author":[{"embeddable":true,"href":"http:\/\/piekarska.com.pl\/index.php?rest_route=\/wp\/v2\/users\/1"}],"replies":[{"embeddable":true,"href":"http:\/\/piekarska.com.pl\/index.php?rest_route=%2Fwp%2Fv2%2Fcomments&post=948"}],"version-history":[{"count":2,"href":"http:\/\/piekarska.com.pl\/index.php?rest_route=\/wp\/v2\/pages\/948\/revisions"}],"predecessor-version":[{"id":2450,"href":"http:\/\/piekarska.com.pl\/index.php?rest_route=\/wp\/v2\/pages\/948\/revisions\/2450"}],"up":[{"embeddable":true,"href":"http:\/\/piekarska.com.pl\/index.php?rest_route=\/wp\/v2\/pages\/1932"}],"wp:attachment":[{"href":"http:\/\/piekarska.com.pl\/index.php?rest_route=%2Fwp%2Fv2%2Fmedia&parent=948"}],"curies":[{"name":"wp","href":"https:\/\/api.w.org\/{rel}","templated":true}]}}