{"id":9870,"date":"2019-06-01T12:53:01","date_gmt":"2019-06-01T10:53:01","guid":{"rendered":"http:\/\/piekarska.com.pl\/?page_id=9870"},"modified":"2020-03-23T08:31:14","modified_gmt":"2020-03-23T07:31:14","slug":"recenzja-z-portalu-psychologicoach","status":"publish","type":"page","link":"http:\/\/piekarska.com.pl\/?page_id=9870","title":{"rendered":"Recenzja z portalu psychologicoach"},"content":{"rendered":"\n<p>Licencja na doros\u0142o\u015b\u0107 to powie\u015b\u0107 bardzo bliska m\u0142odzie\u017cy, kt\u00f3ra b\u0119dzie zmaga\u0107 si\u0119 z egzaminem maturalnym oraz wyborami swojej przysz\u0142o\u015bci po etapie liceum. Bohaterowie to absolwenci warszawskiego liceum, kt\u00f3rych losy znamy z wcze\u015bniejszych ksi\u0105\u017cek. Teraz czytelnik musi przygotowa\u0107 si\u0119 na naprawd\u0119 dojrza\u0142e problemy i wiele emocji. Dobrze si\u0119 czyta i jeszcze lepiej rozumie \u2013 cz\u0119\u015bciowo o mnie i o Tobie!<\/p>\n\n\n\n<figure class=\"wp-block-image\"><img loading=\"lazy\" decoding=\"async\" width=\"670\" height=\"1024\" src=\"http:\/\/piekarska.com.pl\/wp-content\/uploads\/2018\/11\/projekt-3-670x1024.jpg\" alt=\"Licencja na doros\u0142o\u015b\u0107\" class=\"wp-image-9315\" srcset=\"http:\/\/piekarska.com.pl\/wp-content\/uploads\/2018\/11\/projekt-3-670x1024.jpg 670w, http:\/\/piekarska.com.pl\/wp-content\/uploads\/2018\/11\/projekt-3-196x300.jpg 196w, http:\/\/piekarska.com.pl\/wp-content\/uploads\/2018\/11\/projekt-3-768x1174.jpg 768w, http:\/\/piekarska.com.pl\/wp-content\/uploads\/2018\/11\/projekt-3.jpg 827w\" sizes=\"auto, (max-width: 670px) 100vw, 670px\" \/><\/figure>\n\n\n\n<p>Egzamin maturalny ju\u017c za nami. M\u0142odzie\u017c warszawskiego liceum z zdenerwowaniem sprawdza wyniki rekrutacji na studia. Czy dostan\u0105 si\u0119 na wymarzony kierunek? Czy to dobry pomys\u0142 wybra\u0107 anglistyk\u0119, kulturoznawstwo albo psychologi\u0119? Co je\u015bli nie dosta\u0142em si\u0119 na studia w Warszawie a w Lublinie lub w \u0141odzi i jak b\u0119dzie wygl\u0105da\u0142a nasza znajomo\u015b\u0107 za kilka miesi\u0119cy? Czy przyja\u017anie zawarte w liceum a nawet w gimnazjum maj\u0105 szanse przetrwa\u0107?<\/p>\n\n\n\n<p>Bohaterowie powie\u015bci&nbsp;<strong>Licencja na doros\u0142o\u015b\u0107&nbsp;<\/strong>autorstwa Ma\u0142gorzata Karolina Piekarska to zwyczajna m\u0142odzie\u017c warszawskiego liceum. Zwyczajna tj. pe\u0142na pasji, energii, ch\u0119ci to rozwoju i nauki wed\u0142ug swoich pasji, warto\u015bci i marze\u0144. Pod\u0105\u017caj\u0105 za fascynacj\u0105 i tym co ich interesuje. Bardzo zale\u017cy im na &nbsp;relacjach i szukaj\u0105 mi\u0142o\u015bci. Do tego stopnia, \u017ce jeden z bohater\u00f3w Maciej pr\u00f3buje odnale\u017a\u0107 Ma\u0142gosi\u0119, kt\u00f3ra znikn\u0119\u0142a bez wie\u015bci. Poszukuje jej nazwiska na listach przyj\u0119tych na studia. Jedzie do Lublina, gdzie odnalaz\u0142 jej \u015blad. Kamila i Marcin to kompletne przeciwie\u0144stwa, a jednak blisko im do siebie. Kinga i Micha\u0142, Aleks, Marcin i inni. Bohaterowie wsp\u00f3\u0142czesnej opowie\u015bci, kt\u00f3ra mog\u0142a (w mo\u017ce naprawd\u0119) wydarzy\u0142a si\u0119 autentycznie. &nbsp;<\/p>\n\n\n\n<p><strong>Licencja na doros\u0142o\u015b\u0107 to&nbsp;<\/strong>kontynuacja bestsellerowej \u201eKlasy pani Czajki\u201d i \u201eLO-terii\u201d. Publikacja zosta\u0142a napisana bardzo atrakcyjnie. Czyta si\u0119 wprost sama. Napisana wsp\u00f3\u0142czesnym j\u0119zykiem z s\u0142ownictwem i tre\u015bci\u0105 adekwatn\u0105 do XXI wieku. Elementy humorystyczne oraz emocjonalne dodaj\u0105 publikacji autentyczno\u015bci. Chocia\u017c mam za sob\u0105 ju\u017c dawno okres wkraczania w doros\u0142o\u015b\u0107 nadal tematyka dorastania jest mi bardzo bliska. Pracuj\u0105c jako psycholog i doradca zawodowy w liceum w Sopocie znam i rozumiem problemy, marzenia m\u0142odych ludzi. Powie\u015b\u0107 Licencja na doros\u0142o\u015b\u0107 przypomina mi uczni\u00f3w, kt\u00f3rych znam i zna\u0142am (absolwent\u00f3w).<\/p>\n\n\n\n<p>Zdecydowanie polecam powie\u015b\u0107 m\u0142odzie\u017cy w wieku licealnym i starszym ni\u017c 18 lat. Idealna dla os\u00f3b, kt\u00f3rym bliska jest tematyka dorastania, poszukiwania w\u0142a\u015bciwej drogi w \u017cyciu prywatnym lub zawodowym. Bez znaczenia czy mieszkasz w du\u017cym czy ma\u0142ym mie\u015bcie, czy studiujesz czy uczysz si\u0119 w liceum lub poszed\u0142e\u015b do pracy. Je\u015bli chcesz pozna\u0107 m\u0142odych ludzi i ich losy zwi\u0105zane bardzo mocno z okresem wrastania w doros\u0142o\u015b\u0107 to idealna ksi\u0105\u017cka dla Ciebie oraz na prezent. J\u0119zyk kt\u00f3ry znasz, problemy, kt\u00f3re rozumiesz lub kt\u00f3re mog\u0105 sta\u0107 si\u0119 twoj\u0105 rzeczywisto\u015bci\u0105 po sko\u0144czeniu szko\u0142y. Ksi\u0105\u017cka bawi, uczy, pomaga zrozumie\u0107 samego siebie oraz zrelaksowa\u0107 si\u0119.<\/p>\n\n\n\n<p>\u0179r\u00f3d\u0142o: <a href=\"http:\/\/psychologicoach.pl\/licencja-na-doroslosc-zycie-zaczyna-sie-po-maturze-nasza-ksiegarnia-2019\/?fbclid=IwAR1-cKAowrXM5G-W_Q7tEVeJaRklDM4i0W2vo4T7ySTMfNY2b-nD50LLWzQ\">http:\/\/psychologicoach.pl\/licencja-na-doroslosc-zycie-zaczyna-sie-po-maturze-nasza-ksiegarnia-2019\/?fbclid=IwAR1-cKAowrXM5G-W_Q7tEVeJaRklDM4i0W2vo4T7ySTMfNY2b-nD50LLWzQ<\/a><\/p>\n","protected":false},"excerpt":{"rendered":"<p>Licencja na doros\u0142o\u015b\u0107 to powie\u015b\u0107 bardzo bliska m\u0142odzie\u017cy, kt\u00f3ra b\u0119dzie zmaga\u0107 si\u0119 z egzaminem maturalnym oraz wyborami swojej przysz\u0142o\u015bci po etapie liceum. Bohaterowie to absolwenci warszawskiego liceum, kt\u00f3rych losy znamy z wcze\u015bniejszych ksi\u0105\u017cek. Teraz czytelnik musi przygotowa\u0107 si\u0119 na naprawd\u0119 &hellip; <a href=\"http:\/\/piekarska.com.pl\/?page_id=9870\">Continue reading <span class=\"meta-nav\">&rarr;<\/span><\/a><\/p>\n","protected":false},"author":1,"featured_media":9580,"parent":26211,"menu_order":0,"comment_status":"closed","ping_status":"closed","template":"","meta":{"_acf_changed":false,"footnotes":""},"class_list":["post-9870","page","type-page","status-publish","has-post-thumbnail","hentry"],"acf":[],"_links":{"self":[{"href":"http:\/\/piekarska.com.pl\/index.php?rest_route=\/wp\/v2\/pages\/9870","targetHints":{"allow":["GET"]}}],"collection":[{"href":"http:\/\/piekarska.com.pl\/index.php?rest_route=\/wp\/v2\/pages"}],"about":[{"href":"http:\/\/piekarska.com.pl\/index.php?rest_route=\/wp\/v2\/types\/page"}],"author":[{"embeddable":true,"href":"http:\/\/piekarska.com.pl\/index.php?rest_route=\/wp\/v2\/users\/1"}],"replies":[{"embeddable":true,"href":"http:\/\/piekarska.com.pl\/index.php?rest_route=%2Fwp%2Fv2%2Fcomments&post=9870"}],"version-history":[{"count":1,"href":"http:\/\/piekarska.com.pl\/index.php?rest_route=\/wp\/v2\/pages\/9870\/revisions"}],"predecessor-version":[{"id":9875,"href":"http:\/\/piekarska.com.pl\/index.php?rest_route=\/wp\/v2\/pages\/9870\/revisions\/9875"}],"up":[{"embeddable":true,"href":"http:\/\/piekarska.com.pl\/index.php?rest_route=\/wp\/v2\/pages\/26211"}],"wp:featuredmedia":[{"embeddable":true,"href":"http:\/\/piekarska.com.pl\/index.php?rest_route=\/wp\/v2\/media\/9580"}],"wp:attachment":[{"href":"http:\/\/piekarska.com.pl\/index.php?rest_route=%2Fwp%2Fv2%2Fmedia&parent=9870"}],"curies":[{"name":"wp","href":"https:\/\/api.w.org\/{rel}","templated":true}]}}