{"id":9878,"date":"2019-06-01T12:55:21","date_gmt":"2019-06-01T10:55:21","guid":{"rendered":"http:\/\/piekarska.com.pl\/?page_id=9878"},"modified":"2020-03-23T08:29:13","modified_gmt":"2020-03-23T07:29:13","slug":"recenzja-z-bloga-niekonczace-sie-marzenia","status":"publish","type":"page","link":"http:\/\/piekarska.com.pl\/?page_id=9878","title":{"rendered":"Recenzja z bloga Nieko\u0144cz\u0105ce si\u0119 marzenia"},"content":{"rendered":"\n<p>D\u0142ugo, oj bardzo d\u0142ugo przysz\u0142o nam, fanom Klasy Pani Czajki, czeka\u0107 na kontynuacj\u0119 tej serii. Pami\u0119tam, jakie wywar\u0142a na mnie wra\u017cenie ta pierwsza, kierowana do m\u0142odszych, ale i tak czyta\u0142am z ogromnym zainteresowaniem. P\u00f3\u017aniej by\u0142a LO &#8211; teria. I problemy tych starszych, jednak jeszcze nie ca\u0142kiem doros\u0142ych ludzi. Ich losy by\u0142y r\u00f3\u017cne, niekt\u00f3re decyzje przynios\u0142y powa\u017cne konsekwencje. Po zako\u0144czeniu by\u0142am niezmiernie ciekawa, co dalej? W ko\u0144cu my, czytelnicy, otrzymali\u015bmy odpowiedzi, czy takie, jakie oczekiwa\u0142am?&nbsp;<\/p>\n\n\n\n<figure class=\"wp-block-image\"><img loading=\"lazy\" decoding=\"async\" width=\"670\" height=\"1024\" src=\"http:\/\/piekarska.com.pl\/wp-content\/uploads\/2018\/11\/projekt-3-670x1024.jpg\" alt=\"Licencja na doros\u0142o\u015b\u0107\" class=\"wp-image-9315\" srcset=\"http:\/\/piekarska.com.pl\/wp-content\/uploads\/2018\/11\/projekt-3-670x1024.jpg 670w, http:\/\/piekarska.com.pl\/wp-content\/uploads\/2018\/11\/projekt-3-196x300.jpg 196w, http:\/\/piekarska.com.pl\/wp-content\/uploads\/2018\/11\/projekt-3-768x1174.jpg 768w, http:\/\/piekarska.com.pl\/wp-content\/uploads\/2018\/11\/projekt-3.jpg 827w\" sizes=\"auto, (max-width: 670px) 100vw, 670px\" \/><\/figure>\n\n\n\n<p>Kto przeczyta\u0142 Lo &#8211; teri\u0119, pami\u0119ta, co sta\u0142o si\u0119 z Ma\u0142gosi\u0105, a raczej to, \u017ce nagle znikn\u0119\u0142a. Min\u0105\u0142 ju\u017c jaki\u015b czas, odk\u0105d po prostu zapad\u0142a si\u0119 pod ziemi\u0119. Maciek ca\u0142y czas jej szuka. I chocia\u017c wie, \u017ce to, co by\u0142o mi\u0119dzy nimi, ju\u017c nigdy nie wr\u00f3ci, chce wiedzie\u0107 jedno \u2014 dlaczego? Dlaczego wyjecha\u0142a i zostawi\u0142a go bez jakiejkolwiek wiedzy, dlaczego nie zas\u0142ugiwa\u0142 na s\u0142owa po\u017cegnania? Cz\u0119sto niewiedza, jest gorsza od najstraszniejszej prawdy. I w\u0142a\u015bnie tej prawdy Maciek szuka, chce stan\u0105\u0107 przed Ma\u0142gorzat\u0105 i us\u0142ysze\u0107, a p\u00f3\u017aniej zako\u0144czy\u0107 ten etap \u017cycia.<\/p>\n\n\n\n<p>Kamila, kt\u00f3ra zwi\u0105za\u0142a si\u0119 z Olkiem, czuje, \u017ce co\u015b w tym zwi\u0105zku jest nie tak. Niby wszystko by\u0142o dobrze, ale gdzie\u015b czuje, \u017ce powoli zaczyna si\u0119 odsuwa\u0107 od ch\u0142opaka. Przychodzi my\u015bl, czy z ni\u0105 jest co\u015b nie tak? Po zmar\u0142ym Wojtku nie rozpacza\u0142a tak, jak powinna, teraz czuje, \u017ce znowu nie jest szcz\u0119\u015bliwa.<\/p>\n\n\n\n<p>Gdy poznaje Marcina, odpowiedzialnego i poch\u0142oni\u0119tego wychowywaniem rodze\u0144stwa ch\u0142opaka, zaczyna odczuwa\u0107 inne emocje. Ta relacja jest dziwna i trudna. Bo Marcin, nie jest na ka\u017cde jej zawo\u0142anie, ma\u0142o tego, On nie boi si\u0119 powiedzie\u0107 prosto w oczy Kamili, co my\u015bli o jej zachowaniu.<\/p>\n\n\n\n<p>Bardzo wiele, dzieje si\u0119 w tej cz\u0119\u015bci. Niekt\u00f3re sprawy potoczy\u0142y si\u0119 w zupe\u0142nie nieoczekiwany dla mnie spos\u00f3b, najwa\u017cniejsze jednak zosta\u0142o napisane.&nbsp;<\/p>\n\n\n\n<p>Musz\u0119 przyzna\u0107, \u017ce nie bardzo trafi\u0142o do mnie, zachowanie Ma\u0142gorzaty, jej decyzja, zachowanie i t\u0142umaczenia. Pami\u0119tam, co dzia\u0142o si\u0119 z jej matk\u0105, to jak bardzo by\u0142a przyt\u0142oczona atmosfer\u0105 w domu. Tylko czy rzeczywi\u015bcie, jej wr\u0119cz brutalne znikni\u0119cie i odci\u0119cie si\u0119 od ludzi, kt\u00f3rzy byli bliscy, by\u0142o w porz\u0105dku? Sama nie wiem, trudno jest os\u0105dza\u0107. Wcze\u015bniej bardzo lubi\u0142am t\u0119 posta\u0107, ale p\u00f3\u017aniej po prostu by\u0142o mi dziwnie, nie tak\u0105 Ma\u0142go pami\u0119ta\u0142am i nie umia\u0142am si\u0119 odnale\u017a\u0107 w jej post\u0119powaniu. Oczywi\u015bcie wszystko jest wyt\u0142umaczone, ale czy to wystarcza? Dla mnie nie, no ale takie niestety jest \u017cycie. Ludzie si\u0119 zmieniaj\u0105 i cz\u0119sto nic nie mo\u017cemy z tym zrobi\u0107.<\/p>\n\n\n\n<p>Kolejni bohaterowie, kt\u00f3rych ju\u017c wcze\u015bniej poznali\u015bmy, Kinga i Micha\u0142, ta para jest dosy\u0107 specyficzna, ona totalna kujonka, niesamowicie ambitna \u2014 b\u0119d\u0119 szczera, z takimi lud\u017ami zawsze by\u0142o mi nie po drodze. Nie lubi\u0142am kujon\u00f3w. Dlatego te\u017c nie polubi\u0142am Kingi. Jej celem by\u0142a nauka, wszystko kr\u0119ci\u0142o si\u0119 wok\u00f3\u0142 jak najlepszych osi\u0105gni\u0119\u0107. No, a reszta by\u0142a wtedy, gdy znalaz\u0142a si\u0119 przerwa mi\u0119dzy jednym zakuwaniem a drugim. Podziwia\u0142am Micha\u0142a, ja bym na jego miejscu dawno uciek\u0142a.<\/p>\n\n\n\n<p>No i Kamila, tej dziewczyny nie mo\u017cna okre\u015bli\u0107, lubi\u0119 czy nie lubi\u0119. Z jednej strony niesamowicie dra\u017cni\u0142a, z drugiej, potrafi\u0142a pozytywnie zaskoczy\u0107. I ta mieszanka, sprawia\u0142a, \u017ce jej osobowo\u015b\u0107 nie by\u0142a jednoznaczna. Co mo\u017cna okre\u015bli\u0107 sporym plusem. No i kiedy dziewczyna poznaje Marcina, mamy mo\u017cliwo\u015b\u0107 przygl\u0105dania si\u0119 tej znajomo\u015bci, z rosn\u0105cym zainteresowaniem dlaczego? A to ju\u017c nale\u017cy samemu sprawdzi\u0107.<\/p>\n\n\n\n<p>Ksi\u0105\u017ck\u0119 chcia\u0142am czyta\u0107 d\u0142ugo, nawet sobie robi\u0142am przerwy, ale tylko na chwil\u0119, bo ju\u017c po kilku minutach znowu si\u0119ga\u0142am i czyta\u0142am. Bardzo trudno by\u0142o mi si\u0119 znowu z nimi rozsta\u0107. Nie wiem czemu, ale ta seria ma w sobie to co\u015b, co sprawia, \u017ce oni wszyscy, staj\u0105 si\u0119 bardzo autentyczni, i prze\u017cywa si\u0119 wydarzenia, jakby by\u0142y prawdziwe. Szkoda, \u017ce ju\u017c za mn\u0105 lektura. Mo\u017ce kiedy\u015b, b\u0119d\u0119 mia\u0142a czas, \u017ceby przeczyta\u0107 wszystkie, jedna po drugiej. Bardzo polecam t\u0119 seri\u0119, jest \u015bwietnie i \u017cyciowo napisana.&nbsp;<\/p>\n","protected":false},"excerpt":{"rendered":"<p>D\u0142ugo, oj bardzo d\u0142ugo przysz\u0142o nam, fanom Klasy Pani Czajki, czeka\u0107 na kontynuacj\u0119 tej serii. Pami\u0119tam, jakie wywar\u0142a na mnie wra\u017cenie ta pierwsza, kierowana do m\u0142odszych, ale i tak czyta\u0142am z ogromnym zainteresowaniem. P\u00f3\u017aniej by\u0142a LO &#8211; teria. I problemy &hellip; <a href=\"http:\/\/piekarska.com.pl\/?page_id=9878\">Continue reading <span class=\"meta-nav\">&rarr;<\/span><\/a><\/p>\n","protected":false},"author":1,"featured_media":9580,"parent":26211,"menu_order":0,"comment_status":"closed","ping_status":"closed","template":"","meta":{"_acf_changed":false,"footnotes":""},"class_list":["post-9878","page","type-page","status-publish","has-post-thumbnail","hentry"],"acf":[],"_links":{"self":[{"href":"http:\/\/piekarska.com.pl\/index.php?rest_route=\/wp\/v2\/pages\/9878","targetHints":{"allow":["GET"]}}],"collection":[{"href":"http:\/\/piekarska.com.pl\/index.php?rest_route=\/wp\/v2\/pages"}],"about":[{"href":"http:\/\/piekarska.com.pl\/index.php?rest_route=\/wp\/v2\/types\/page"}],"author":[{"embeddable":true,"href":"http:\/\/piekarska.com.pl\/index.php?rest_route=\/wp\/v2\/users\/1"}],"replies":[{"embeddable":true,"href":"http:\/\/piekarska.com.pl\/index.php?rest_route=%2Fwp%2Fv2%2Fcomments&post=9878"}],"version-history":[{"count":2,"href":"http:\/\/piekarska.com.pl\/index.php?rest_route=\/wp\/v2\/pages\/9878\/revisions"}],"predecessor-version":[{"id":26216,"href":"http:\/\/piekarska.com.pl\/index.php?rest_route=\/wp\/v2\/pages\/9878\/revisions\/26216"}],"up":[{"embeddable":true,"href":"http:\/\/piekarska.com.pl\/index.php?rest_route=\/wp\/v2\/pages\/26211"}],"wp:featuredmedia":[{"embeddable":true,"href":"http:\/\/piekarska.com.pl\/index.php?rest_route=\/wp\/v2\/media\/9580"}],"wp:attachment":[{"href":"http:\/\/piekarska.com.pl\/index.php?rest_route=%2Fwp%2Fv2%2Fmedia&parent=9878"}],"curies":[{"name":"wp","href":"https:\/\/api.w.org\/{rel}","templated":true}]}}