{"id":8095,"date":"2017-11-22T17:25:19","date_gmt":"2017-11-22T16:25:19","guid":{"rendered":"http:\/\/piekarska.com.pl\/?post_type=tribe_events&#038;p=8095"},"modified":"2017-11-22T17:25:19","modified_gmt":"2017-11-22T16:25:19","slug":"listopadowa-biesiada","status":"publish","type":"tribe_events","link":"http:\/\/piekarska.com.pl\/?tribe_events=listopadowa-biesiada","title":{"rendered":"Listopadowa Biesiada"},"content":{"rendered":"<p style=\"text-align: center;\">***<br \/>\n&#8212;&#8212;&#8212;-<br \/>\n***<\/p>\n<p style=\"text-align: center;\">ODDZIA\u0141 WARSZAWSKI<br \/>\nSTOWARZYSZENIA PISARZY POLSKICH<br \/>\nzaprasza na kolejn\u0105<\/p>\n<p style=\"text-align: center;\">BIESIAD\u0118 LITERACK\u0104<\/p>\n<p style=\"text-align: center;\">Go\u015b\u0107mi b\u0119d\u0105:<\/p>\n<p style=\"text-align: center;\"><strong>Maciej Parowski<\/strong><br \/>\nz kt\u00f3rym o jego nowej ksi\u0105\u017cce<br \/>\n&#8222;KUKU\u0141KA NA KONIU TROJA\u0143SKIM.<br \/>\nMa\u0142py Pana Boga 3. Retrospekcje&#8221;<br \/>\nporozmawia Wac\u0142aw Holewi\u0144ski<\/p>\n<p style=\"text-align: center;\"><strong>Igor Strojecki<\/strong><br \/>\nz kt\u00f3rym o ksi\u0105\u017cce Utracony \u015bwiat Leona Barszczewskiego<span class=\"text_exposed_show\"><br \/>\no genealogii i XIX-wiecznej fotografii<br \/>\nb\u0119dzie rozmawia\u0142a Ma\u0142gorzata Karolina Piekarska<br \/>\n<\/span><\/p>\n<p style=\"text-align: center;\"><span class=\"text_exposed_show\"><strong>Pawe\u0142 Lisicki<\/strong><br \/>\nz kt\u00f3rym o jego ksi\u0105\u017cce Luter<br \/>\nb\u0119dzie rozmawia\u0142 Piotr M\u00fcldner-Nieckowski<br \/>\n<\/span><\/p>\n<p style=\"text-align: center;\"><span class=\"text_exposed_show\">W programie tak\u017ce:<br \/>\n&#8211; felieton <strong>Piotra Wojciechowskiego<\/strong><br \/>\n&#8211; rekomendacje i miniatury.<\/span><\/p>\n<p style=\"text-align: center;\"><strong>28 listopada 2017 r. (wtorek) o godz. 18.30<\/strong><br \/>\nDom Literatury w Warszawie<br \/>\nul. Krakowskie Przedmie\u015bcie 87\/8<\/p>\n<p style=\"text-align: center;\">***<br \/>\n&#8212;&#8212;&#8212;-<br \/>\n***<\/p>\n","protected":false},"excerpt":{"rendered":"<p>*** &#8212;&#8212;&#8212;- *** ODDZIA\u0141 WARSZAWSKI STOWARZYSZENIA PISARZY POLSKICH zaprasza na kolejn\u0105 BIESIAD\u0118 LITERACK\u0104 Go\u015b\u0107mi b\u0119d\u0105: Maciej Parowski z kt\u00f3rym o jego nowej ksi\u0105\u017cce &#8222;KUKU\u0141KA NA KONIU TROJA\u0143SKIM. Ma\u0142py Pana Boga 3. Retrospekcje&#8221; porozmawia Wac\u0142aw Holewi\u0144ski Igor Strojecki z kt\u00f3rym o &hellip; <a href=\"http:\/\/piekarska.com.pl\/?tribe_events=listopadowa-biesiada\">Continue reading <span class=\"meta-nav\">&rarr;<\/span><\/a><\/p>\n","protected":false},"author":1,"featured_media":7476,"template":"","meta":{"_acf_changed":false,"_tribe_events_status":"","_tribe_events_status_reason":"","footnotes":""},"tags":[551,704,705,271,706,141,242,106],"tribe_events_cat":[274],"class_list":["post-8095","tribe_events","type-tribe_events","status-publish","has-post-thumbnail","hentry","tag-biesiada-literacka","tag-igor-strojecki","tag-maciej-parowski","tag-malgorzata-karolina-piekarska","tag-pawel-lisicki","tag-piotr-muldner-nieckowski","tag-piotr-wojciechowski","tag-waclaw-holewinski","tribe_events_cat-spotkanie","cat_spotkanie"],"acf":[],"_links":{"self":[{"href":"http:\/\/piekarska.com.pl\/index.php?rest_route=\/wp\/v2\/tribe_events\/8095","targetHints":{"allow":["GET"]}}],"collection":[{"href":"http:\/\/piekarska.com.pl\/index.php?rest_route=\/wp\/v2\/tribe_events"}],"about":[{"href":"http:\/\/piekarska.com.pl\/index.php?rest_route=\/wp\/v2\/types\/tribe_events"}],"author":[{"embeddable":true,"href":"http:\/\/piekarska.com.pl\/index.php?rest_route=\/wp\/v2\/users\/1"}],"version-history":[{"count":1,"href":"http:\/\/piekarska.com.pl\/index.php?rest_route=\/wp\/v2\/tribe_events\/8095\/revisions"}],"predecessor-version":[{"id":8096,"href":"http:\/\/piekarska.com.pl\/index.php?rest_route=\/wp\/v2\/tribe_events\/8095\/revisions\/8096"}],"wp:featuredmedia":[{"embeddable":true,"href":"http:\/\/piekarska.com.pl\/index.php?rest_route=\/wp\/v2\/media\/7476"}],"wp:attachment":[{"href":"http:\/\/piekarska.com.pl\/index.php?rest_route=%2Fwp%2Fv2%2Fmedia&parent=8095"}],"wp:term":[{"taxonomy":"post_tag","embeddable":true,"href":"http:\/\/piekarska.com.pl\/index.php?rest_route=%2Fwp%2Fv2%2Ftags&post=8095"},{"taxonomy":"tribe_events_cat","embeddable":true,"href":"http:\/\/piekarska.com.pl\/index.php?rest_route=%2Fwp%2Fv2%2Ftribe_events_cat&post=8095"}],"curies":[{"name":"wp","href":"https:\/\/api.w.org\/{rel}","templated":true}]}}

<p style="text-align: center;">***<br />
&#8212;&#8212;&#8212;-<br />
***</p>
<p style="text-align: center;">ODDZIAŁ WARSZAWSKI<br />
STOWARZYSZENIA PISARZY POLSKICH<br />
zaprasza na kolejną</p>
<p style="text-align: center;">BIESIADĘ LITERACKĄ</p>
<p style="text-align: center;">Gośćmi będą:</p>
<p style="text-align: center;"><strong>Maciej Parowski</strong><br />
z którym o jego nowej książce<br />
&#8222;KUKUŁKA NA KONIU TROJAŃSKIM.<br />
Małpy Pana Boga 3. Retrospekcje&#8221;<br />
porozmawia Wacław Holewiński</p>
<p style="text-align: center;"><strong>Igor Strojecki</strong><br />
z którym o książce Utracony świat Leona Barszczewskiego<span class="text_exposed_show"><br />
o genealogii i XIX-wiecznej fotografii<br />
będzie rozmawiała Małgorzata Karolina Piekarska<br />
</span></p>
<p style="text-align: center;"><span class="text_exposed_show"><strong>Paweł Lisicki</strong><br />
z którym o jego książce Luter<br />
będzie rozmawiał Piotr Müldner-Nieckowski<br />
</span></p>
<p style="text-align: center;"><span class="text_exposed_show">W programie także:<br />
&#8211; felieton <strong>Piotra Wojciechowskiego</strong><br />
&#8211; rekomendacje i miniatury.</span></p>
<p style="text-align: center;"><strong>28 listopada 2017 r. (wtorek) o godz. 18.30</strong><br />
Dom Literatury w Warszawie<br />
ul. Krakowskie Przedmieście 87/8</p>
<p style="text-align: center;">***<br />
&#8212;&#8212;&#8212;-<br />
***</p>

<p>*** &#8212;&#8212;&#8212;- *** ODDZIAŁ WARSZAWSKI STOWARZYSZENIA PISARZY POLSKICH zaprasza na kolejną BIESIADĘ LITERACKĄ Gośćmi będą: Maciej Parowski z którym o jego nowej książce &#8222;KUKUŁKA NA KONIU TROJAŃSKIM. Małpy Pana Boga 3. Retrospekcje&#8221; porozmawia Wacław Holewiński Igor Strojecki z którym o &hellip; <a href="http://piekarska.com.pl/?tribe_events=listopadowa-biesiada">Continue reading <span class="meta-nav">&rarr;</span></a></p>
